Last updated on 2025-04-29 12:52:40 CEST.
Flavor | Version | Tinstall | Tcheck | Ttotal | Status | Flags |
---|---|---|---|---|---|---|
r-devel-linux-x86_64-debian-clang | 3.3.2 | 10.87 | 54.59 | 65.46 | NOTE | |
r-devel-linux-x86_64-debian-gcc | 3.3.2 | 7.27 | 36.44 | 43.71 | NOTE | |
r-devel-linux-x86_64-fedora-clang | 3.3.2 | 104.69 | OK | |||
r-devel-linux-x86_64-fedora-gcc | 3.3.2 | 99.20 | OK | |||
r-devel-windows-x86_64 | 3.3.2 | 10.00 | 68.00 | 78.00 | OK | |
r-patched-linux-x86_64 | 3.3.2 | 11.80 | 51.74 | 63.54 | OK | |
r-release-linux-x86_64 | 3.3.2 | 10.26 | 50.95 | 61.21 | OK | |
r-release-macos-arm64 | 3.3.2 | 27.00 | OK | |||
r-release-macos-x86_64 | 3.3.2 | 72.00 | OK | |||
r-release-windows-x86_64 | 3.3.2 | 11.00 | 73.00 | 84.00 | OK | |
r-oldrel-macos-arm64 | 3.3.2 | 26.00 | OK | |||
r-oldrel-macos-x86_64 | 3.3.2 | 51.00 | OK | |||
r-oldrel-windows-x86_64 | 3.3.2 | 12.00 | 65.00 | 77.00 | OK |
Version: 3.3.2
Check: CRAN incoming feasibility
Result: NOTE
Maintainer: ‘Andre Berchtold <andre.berchtold@unil.ch>’
No Authors@R field in DESCRIPTION.
Please add one, modifying
Authors@R: c(person(given = "Ogier",
family = "Maitre",
role = "aut"),
person(given = "Kevin",
family = "Emery",
role = "aut"),
person(given = c("with", "contributions", "from", "Oliver"),
family = "Buschor",
role = "aut"),
person(given = "Andre",
family = "Berchtold",
role = c("aut", "cre"),
email = "andre.berchtold@unil.ch"))
as necessary.
Flavors: r-devel-linux-x86_64-debian-clang, r-devel-linux-x86_64-debian-gcc