Last updated on 2024-04-26 12:54:40 CEST.
Flavor | Version | Tinstall | Tcheck | Ttotal | Status | Flags |
---|---|---|---|---|---|---|
r-devel-linux-x86_64-debian-clang | 0.7 | 10.06 | 177.74 | 187.80 | OK | |
r-devel-linux-x86_64-debian-gcc | 0.7 | 6.90 | 134.14 | 141.04 | OK | |
r-devel-linux-x86_64-fedora-clang | 0.7 | 232.33 | NOTE | |||
r-devel-linux-x86_64-fedora-gcc | 0.7 | 237.80 | OK | |||
r-devel-windows-x86_64 | 0.7 | 9.00 | 131.00 | 140.00 | NOTE | |
r-patched-linux-x86_64 | 0.7 | 6.53 | 176.01 | 182.54 | OK | |
r-release-linux-x86_64 | 0.7 | 5.19 | 171.58 | 176.77 | OK | |
r-release-macos-arm64 | 0.7 | 65.00 | NOTE | |||
r-release-macos-x86_64 | 0.7 | 149.00 | NOTE | |||
r-release-windows-x86_64 | 0.7 | 7.00 | 127.00 | 134.00 | NOTE | |
r-oldrel-macos-arm64 | 0.7 | 73.00 | NOTE | |||
r-oldrel-macos-x86_64 | 0.7 | 145.00 | NOTE | |||
r-oldrel-windows-x86_64 | 0.7 | 11.00 | 158.00 | 169.00 | NOTE |
Version: 0.7
Check: installed package size
Result: NOTE
installed size is 8.5Mb
sub-directories of 1Mb or more:
doc 7.4Mb
Flavors: r-devel-linux-x86_64-fedora-clang, r-devel-windows-x86_64, r-release-macos-arm64, r-release-macos-x86_64, r-release-windows-x86_64, r-oldrel-macos-arm64, r-oldrel-macos-x86_64, r-oldrel-windows-x86_64