Last updated on 2023-09-29 12:57:02 CEST.
Flavor | Version | Tinstall | Tcheck | Ttotal | Status | Flags |
---|---|---|---|---|---|---|
r-devel-linux-x86_64-debian-clang | 2.0.0 | 7.38 | 37.65 | 45.03 | OK | |
r-devel-linux-x86_64-debian-gcc | 2.0.0 | 5.33 | 29.20 | 34.53 | OK | |
r-devel-linux-x86_64-fedora-clang | 2.0.0 | 53.77 | NOTE | |||
r-devel-linux-x86_64-fedora-gcc | 2.0.0 | 53.69 | NOTE | |||
r-devel-windows-x86_64 | 2.0.0 | 7.00 | 49.00 | 56.00 | OK | |
r-patched-linux-x86_64 | 2.0.0 | 6.63 | 36.55 | 43.18 | OK | |
r-release-linux-x86_64 | 2.0.0 | 6.20 | 36.54 | 42.74 | OK | |
r-release-macos-arm64 | 2.0.0 | 24.00 | OK | |||
r-release-macos-x86_64 | 2.0.0 | 34.00 | OK | |||
r-release-windows-x86_64 | 2.0.0 | 9.00 | 53.00 | 62.00 | OK | |
r-oldrel-macos-arm64 | 2.0.0 | 26.00 | OK | |||
r-oldrel-macos-x86_64 | 2.0.0 | 36.00 | OK | |||
r-oldrel-windows-x86_64 | 2.0.0 | 9.00 | 57.00 | 66.00 | OK |
Version: 2.0.0
Check: data for non-ASCII characters
Result: NOTE
Note: found 1810 marked UTF-8 strings
Flavors: r-devel-linux-x86_64-fedora-clang, r-devel-linux-x86_64-fedora-gcc