Last updated on 2024-04-24 11:20:55 CEST.
Flavor | Version | Tinstall | Tcheck | Ttotal | Status | Flags |
---|---|---|---|---|---|---|
r-devel-linux-x86_64-debian-clang | 2.0.0 | 5.72 | 37.37 | 43.09 | OK | |
r-devel-linux-x86_64-debian-gcc | 2.0.0 | 4.32 | 28.66 | 32.98 | OK | |
r-devel-linux-x86_64-fedora-clang | 2.0.0 | 54.09 | NOTE | |||
r-devel-linux-x86_64-fedora-gcc | 2.0.0 | 52.19 | NOTE | |||
r-devel-windows-x86_64 | 2.0.0 | 8.00 | 49.00 | 57.00 | OK | |
r-patched-linux-x86_64 | 2.0.0 | 6.98 | 36.77 | 43.75 | OK | |
r-release-linux-x86_64 | 2.0.0 | 6.79 | 37.01 | 43.80 | OK | |
r-release-macos-arm64 | 2.0.0 | 24.00 | OK | |||
r-release-windows-x86_64 | 2.0.0 | 6.00 | 48.00 | 54.00 | OK | |
r-oldrel-macos-arm64 | 2.0.0 | 26.00 | OK | |||
r-oldrel-macos-x86_64 | 2.0.0 | 34.00 | OK | |||
r-oldrel-windows-x86_64 | 2.0.0 | 9.00 | 61.00 | 70.00 | OK |
Version: 2.0.0
Check: data for non-ASCII characters
Result: NOTE
Note: found 1810 marked UTF-8 strings
Flavors: r-devel-linux-x86_64-fedora-clang, r-devel-linux-x86_64-fedora-gcc