Last updated on 2024-08-16 12:49:12 CEST.
Flavor | Version | Tinstall | Tcheck | Ttotal | Status | Flags |
---|---|---|---|---|---|---|
r-devel-linux-x86_64-debian-clang | 0.2.2 | 3.46 | 23.83 | 27.29 | OK | |
r-devel-linux-x86_64-debian-gcc | 0.2.2 | 2.54 | 18.78 | 21.32 | OK | |
r-devel-linux-x86_64-fedora-clang | 0.2.2 | 41.43 | NOTE | |||
r-devel-linux-x86_64-fedora-gcc | 0.2.2 | 39.85 | NOTE | |||
r-devel-windows-x86_64 | 0.2.2 | 4.00 | 68.00 | 72.00 | OK | |
r-patched-linux-x86_64 | 0.2.2 | 3.43 | 22.51 | 25.94 | OK | |
r-release-linux-x86_64 | 0.2.2 | 3.31 | 22.73 | 26.04 | OK | |
r-release-macos-arm64 | 0.2.2 | 39.00 | OK | |||
r-release-macos-x86_64 | 0.2.2 | 52.00 | OK | |||
r-release-windows-x86_64 | 0.2.2 | 5.00 | 59.00 | 64.00 | OK | |
r-oldrel-macos-arm64 | 0.2.2 | 27.00 | OK | |||
r-oldrel-macos-x86_64 | 0.2.2 | 35.00 | OK | |||
r-oldrel-windows-x86_64 | 0.2.2 | 6.00 | 49.00 | 55.00 | OK |
Version: 0.2.2
Check: data for non-ASCII characters
Result: NOTE
Note: found 1056 marked UTF-8 strings
Flavors: r-devel-linux-x86_64-fedora-clang, r-devel-linux-x86_64-fedora-gcc