Last updated on 2024-04-18 12:52:50 CEST.
Flavor | Version | Tinstall | Tcheck | Ttotal | Status | Flags |
---|---|---|---|---|---|---|
r-devel-linux-x86_64-debian-clang | 0.4.1 | 194.07 | 403.73 | 597.80 | NOTE | |
r-devel-linux-x86_64-debian-gcc | 0.4.1 | 152.88 | 285.12 | 438.00 | NOTE | |
r-devel-linux-x86_64-fedora-clang | 0.4.1 | 828.95 | NOTE | |||
r-devel-linux-x86_64-fedora-gcc | 0.4.1 | 810.19 | NOTE | |||
r-prerel-macos-arm64 | 0.4.1 | 285.00 | NOTE | |||
r-prerel-macos-x86_64 | 0.4.1 | 167.00 | NOTE | |||
r-prerel-windows-x86_64 | 0.4.1 | 153.00 | 286.00 | 439.00 | NOTE | |
r-patched-linux-x86_64 | 0.4.1 | 183.76 | 379.05 | 562.81 | NOTE | |
r-release-linux-x86_64 | 0.4.1 | 178.95 | 338.62 | 517.57 | NOTE | |
r-release-macos-arm64 | 0.4.1 | 110.00 | NOTE | |||
r-release-macos-x86_64 | 0.4.1 | 168.00 | NOTE | |||
r-release-windows-x86_64 | 0.4.1 | 181.00 | 364.00 | 545.00 | NOTE | |
r-oldrel-macos-arm64 | 0.4.1 | 132.00 | NOTE | |||
r-oldrel-windows-x86_64 | 0.4.1 | 181.00 | 321.00 | 502.00 | NOTE |
Version: 0.4.1
Check: for GNU extensions in Makefiles
Result: NOTE
GNU make is a SystemRequirements.
Flavors: r-devel-linux-x86_64-debian-clang, r-devel-linux-x86_64-debian-gcc, r-devel-linux-x86_64-fedora-clang, r-devel-linux-x86_64-fedora-gcc, r-prerel-macos-arm64, r-prerel-macos-x86_64, r-prerel-windows-x86_64, r-patched-linux-x86_64, r-release-linux-x86_64, r-release-macos-arm64, r-release-macos-x86_64, r-release-windows-x86_64, r-oldrel-macos-arm64, r-oldrel-windows-x86_64
Version: 0.4.1
Check: installed package size
Result: NOTE
installed size is 7.6Mb
sub-directories of 1Mb or more:
R 2.7Mb
data 2.4Mb
Flavors: r-devel-linux-x86_64-fedora-clang, r-prerel-macos-arm64, r-prerel-macos-x86_64, r-prerel-windows-x86_64, r-release-macos-arm64, r-release-macos-x86_64, r-release-windows-x86_64, r-oldrel-macos-arm64, r-oldrel-windows-x86_64