CRAN Package Check Results for Package maple

Last updated on 2022-11-28 10:57:23 CET.

Flavor Version Tinstall Tcheck Ttotal Status Flags
r-devel-linux-x86_64-debian-clang 0.99.5 23.61 199.82 223.43 OK
r-devel-linux-x86_64-debian-gcc 0.99.5 20.57 147.46 168.03 OK
r-devel-linux-x86_64-fedora-clang 0.99.5 285.04 OK
r-devel-linux-x86_64-fedora-gcc 0.99.5 271.24 OK
r-devel-windows-x86_64 0.99.5 33.00 212.00 245.00 OK
r-patched-linux-x86_64 0.99.5 26.29 188.58 214.87 OK
r-release-linux-x86_64 0.99.5 18.35 191.65 210.00 OK
r-release-macos-arm64 0.99.5 5.00 ERROR
r-release-macos-x86_64 0.99.5 112.00 OK
r-release-windows-x86_64 0.99.5 29.00 217.00 246.00 OK
r-oldrel-macos-arm64 0.99.5 62.00 OK
r-oldrel-macos-x86_64 0.99.5 87.00 OK
r-oldrel-windows-ix86+x86_64 0.99.5 58.00 211.00 269.00 OK

Check Details

Version: 0.99.5
Check: package dependencies
Result: ERROR
    Package required but not available: ‘dbarts’
    
    See section ‘The DESCRIPTION file’ in the ‘Writing R Extensions’
    manual.
Flavor: r-release-macos-arm64