Last updated on 2023-06-05 11:56:53 CEST.
Flavor | Version | Tinstall | Tcheck | Ttotal | Status | Flags |
---|---|---|---|---|---|---|
r-devel-linux-x86_64-debian-clang | 0.3.4 | 300.78 | 64.85 | 365.63 | NOTE | |
r-devel-linux-x86_64-debian-gcc | 0.3.4 | 296.17 | 50.95 | 347.12 | NOTE | |
r-devel-linux-x86_64-fedora-clang | 0.3.4 | 486.38 | NOTE | |||
r-devel-linux-x86_64-fedora-gcc | 0.3.4 | 646.23 | NOTE | |||
r-devel-windows-x86_64 | 0.3.4 | 237.00 | 115.00 | 352.00 | NOTE | |
r-patched-linux-x86_64 | 0.3.4 | 270.51 | 64.15 | 334.66 | NOTE | |
r-release-linux-x86_64 | 0.3.4 | 228.02 | 62.72 | 290.74 | NOTE | |
r-release-macos-arm64 | 0.3.4 | 162.00 | NOTE | |||
r-release-macos-x86_64 | 0.3.4 | 229.00 | NOTE | |||
r-release-windows-x86_64 | 0.3.4 | 302.00 | 132.00 | 434.00 | NOTE | |
r-oldrel-macos-arm64 | 0.3.4 | 123.00 | NOTE | |||
r-oldrel-macos-x86_64 | 0.3.4 | 205.00 | NOTE | |||
r-oldrel-windows-x86_64 | 0.3.4 | 281.00 | 119.00 | 400.00 | NOTE |
Version: 0.3.4
Check: C++ specification
Result: NOTE
Specified C++11: please drop specification unless essential
Flavors: r-devel-linux-x86_64-debian-clang, r-devel-linux-x86_64-debian-gcc, r-devel-linux-x86_64-fedora-clang, r-devel-linux-x86_64-fedora-gcc, r-devel-windows-x86_64, r-patched-linux-x86_64, r-release-linux-x86_64, r-release-macos-arm64, r-release-macos-x86_64, r-release-windows-x86_64
Version: 0.3.4
Check: installed package size
Result: NOTE
installed size is 8.1Mb
sub-directories of 1Mb or more:
data 1.3Mb
doc 1.6Mb
htmlwidgets 2.3Mb
libs 2.6Mb
Flavors: r-devel-linux-x86_64-fedora-clang, r-devel-windows-x86_64, r-release-macos-arm64, r-release-macos-x86_64, r-release-windows-x86_64, r-oldrel-macos-arm64, r-oldrel-macos-x86_64, r-oldrel-windows-x86_64