Last updated on 2022-06-25 10:53:07 CEST.
Flavor | Version | Tinstall | Tcheck | Ttotal | Status | Flags |
---|---|---|---|---|---|---|
r-devel-linux-x86_64-debian-clang | 0.3.4 | 303.69 | 61.51 | 365.20 | OK | |
r-devel-linux-x86_64-debian-gcc | 0.3.4 | 292.09 | 46.94 | 339.03 | OK | |
r-devel-linux-x86_64-fedora-clang | 0.3.4 | 526.12 | NOTE | |||
r-devel-linux-x86_64-fedora-gcc | 0.3.4 | 577.29 | OK | |||
r-devel-windows-x86_64 | 0.3.4 | 264.00 | 140.00 | 404.00 | NOTE | |
r-patched-linux-x86_64 | 0.3.4 | 317.19 | 59.28 | 376.47 | OK | |
r-release-linux-x86_64 | 0.3.4 | 308.32 | 59.69 | 368.01 | OK | |
r-release-macos-arm64 | 0.3.4 | 123.00 | NOTE | |||
r-release-macos-x86_64 | 0.3.4 | 205.00 | NOTE | |||
r-release-windows-x86_64 | 0.3.4 | 258.00 | 137.00 | 395.00 | NOTE | |
r-oldrel-macos-arm64 | 0.3.4 | 136.00 | NOTE | |||
r-oldrel-macos-x86_64 | 0.3.4 | 168.00 | NOTE | |||
r-oldrel-windows-ix86+x86_64 | 0.3.4 | 667.00 | 131.00 | 798.00 | NOTE |
Version: 0.3.4
Check: installed package size
Result: NOTE
installed size is 25.8Mb
sub-directories of 1Mb or more:
data 1.3Mb
doc 1.6Mb
htmlwidgets 2.3Mb
libs 20.2Mb
Flavors: r-devel-linux-x86_64-fedora-clang, r-devel-windows-x86_64, r-release-macos-arm64, r-release-macos-x86_64, r-release-windows-x86_64, r-oldrel-macos-arm64, r-oldrel-macos-x86_64, r-oldrel-windows-ix86+x86_64