Last updated on 2024-03-28 09:51:47 CET.
Flavor | Version | Tinstall | Tcheck | Ttotal | Status | Flags |
---|---|---|---|---|---|---|
r-devel-linux-x86_64-debian-clang | 0.1.0 | 5.49 | 41.57 | 47.06 | OK | |
r-devel-linux-x86_64-debian-gcc | 0.1.0 | 4.17 | 32.56 | 36.73 | OK | |
r-devel-linux-x86_64-fedora-clang | 0.1.0 | 73.46 | NOTE | |||
r-devel-linux-x86_64-fedora-gcc | 0.1.0 | 72.25 | NOTE | |||
r-devel-windows-x86_64 | 0.1.0 | 6.00 | 50.00 | 56.00 | OK | |
r-patched-linux-x86_64 | 0.1.0 | 4.90 | 41.60 | 46.50 | OK | |
r-release-linux-x86_64 | 0.1.0 | 4.89 | 53.99 | 58.88 | OK | |
r-release-macos-arm64 | 0.1.0 | 27.00 | OK | |||
r-release-macos-x86_64 | 0.1.0 | 39.00 | OK | |||
r-release-windows-x86_64 | 0.1.0 | 6.00 | 54.00 | 60.00 | OK | |
r-oldrel-macos-arm64 | 0.1.0 | 24.00 | NOTE | |||
r-oldrel-windows-x86_64 | 0.1.0 | 9.00 | 71.00 | 80.00 | OK |
Version: 0.1.0
Check: data for non-ASCII characters
Result: NOTE
Note: found 11396 marked UTF-8 strings
Flavors: r-devel-linux-x86_64-fedora-clang, r-devel-linux-x86_64-fedora-gcc, r-oldrel-macos-arm64