Last updated on 2023-09-28 11:55:37 CEST.
Flavor | Version | Tinstall | Tcheck | Ttotal | Status | Flags |
---|---|---|---|---|---|---|
r-devel-linux-x86_64-debian-clang | 0.0.1 | 5.80 | 33.59 | 39.39 | OK | |
r-devel-linux-x86_64-debian-gcc | 0.0.1 | 5.07 | 25.94 | 31.01 | OK | |
r-devel-linux-x86_64-fedora-clang | 0.0.1 | 48.24 | NOTE | |||
r-devel-linux-x86_64-fedora-gcc | 0.0.1 | 77.61 | NOTE | |||
r-devel-windows-x86_64 | 0.0.1 | 14.00 | 56.00 | 70.00 | OK | |
r-patched-linux-x86_64 | 0.0.1 | 5.71 | 31.73 | 37.44 | OK | |
r-release-linux-x86_64 | 0.0.1 | 6.76 | 32.16 | 38.92 | OK | |
r-release-macos-arm64 | 0.0.1 | 36.00 | OK | |||
r-release-macos-x86_64 | 0.0.1 | 52.00 | OK | |||
r-release-windows-x86_64 | 0.0.1 | 16.00 | 58.00 | 74.00 | OK | |
r-oldrel-macos-arm64 | 0.0.1 | 28.00 | NOTE | |||
r-oldrel-macos-x86_64 | 0.0.1 | 49.00 | NOTE | |||
r-oldrel-windows-x86_64 | 0.0.1 | 17.00 | 56.00 | 73.00 | OK |
Version: 0.0.1
Check: dependencies in R code
Result: NOTE
Namespace in Imports field not imported from: ‘dplyr’
All declared Imports should be used.
Flavors: r-devel-linux-x86_64-fedora-clang, r-devel-linux-x86_64-fedora-gcc, r-oldrel-macos-arm64, r-oldrel-macos-x86_64
Version: 0.0.1
Check: data for non-ASCII characters
Result: NOTE
Note: found 3058 marked UTF-8 strings
Flavors: r-devel-linux-x86_64-fedora-clang, r-devel-linux-x86_64-fedora-gcc, r-oldrel-macos-arm64, r-oldrel-macos-x86_64