Last updated on 2024-04-23 10:54:08 CEST.
Flavor | Version | Tinstall | Tcheck | Ttotal | Status | Flags |
---|---|---|---|---|---|---|
r-devel-linux-x86_64-debian-clang | 0.9.0 | 7.56 | 156.29 | 163.85 | OK | |
r-devel-linux-x86_64-debian-gcc | 0.9.0 | 7.42 | 114.40 | 121.82 | OK | |
r-devel-linux-x86_64-fedora-clang | 0.9.0 | 197.93 | NOTE | |||
r-devel-linux-x86_64-fedora-gcc | 0.9.0 | 215.65 | NOTE | |||
r-prerel-macos-arm64 | 0.9.0 | 53.00 | OK | |||
r-prerel-macos-x86_64 | 0.9.0 | 155.00 | OK | |||
r-prerel-windows-x86_64 | 0.9.0 | 9.00 | 123.00 | 132.00 | OK | |
r-patched-linux-x86_64 | 0.9.0 | 11.59 | 148.16 | 159.75 | OK | |
r-release-linux-x86_64 | 0.9.0 | 9.39 | 150.73 | 160.12 | OK | |
r-release-macos-arm64 | 0.9.0 | 71.00 | OK | |||
r-release-macos-x86_64 | 0.9.0 | 130.00 | OK | |||
r-release-windows-x86_64 | 0.9.0 | 13.00 | 145.00 | 158.00 | OK | |
r-oldrel-macos-arm64 | 0.9.0 | 64.00 | OK | |||
r-oldrel-windows-x86_64 | 0.9.0 | 13.00 | 141.00 | 154.00 | OK |
Version: 0.9.0
Check: data for non-ASCII characters
Result: NOTE
Note: found 13138 marked UTF-8 strings
Flavors: r-devel-linux-x86_64-fedora-clang, r-devel-linux-x86_64-fedora-gcc