CRAN Package Check Results for Package maotai

Last updated on 2024-02-21 11:01:13 CET.

Flavor Version Tinstall Tcheck Ttotal Status Flags
r-devel-linux-x86_64-debian-clang 0.2.5 NOTE
r-devel-linux-x86_64-debian-gcc 0.2.5 104.70 83.66 188.36 NOTE
r-devel-linux-x86_64-fedora-clang 0.2.5 339.19 OK
r-devel-linux-x86_64-fedora-gcc 0.2.5 355.95 OK
r-devel-windows-x86_64 0.2.5 102.00 127.00 229.00 OK
r-patched-linux-x86_64 0.2.5 98.10 107.90 206.00 OK
r-release-linux-x86_64 0.2.5 96.71 106.07 202.78 OK
r-release-macos-arm64 0.2.5 83.00 NOTE
r-release-macos-x86_64 0.2.5 147.00 NOTE
r-release-windows-x86_64 0.2.5 131.00 154.00 285.00 OK
r-oldrel-macos-arm64 0.2.5 81.00 NOTE
r-oldrel-windows-x86_64 0.2.5 127.00 144.00 271.00 OK

Check Details

Version: 0.2.5
Check: Rd files
Result: NOTE checkRd: (-1) shortestpath.Rd:19: Lost braces; missing escapes or markup? 19 | \eqn{0} means there exists no path for node \eqn{i} and {j}. | ^ Flavors: r-devel-linux-x86_64-debian-clang, r-devel-linux-x86_64-debian-gcc

Version: 0.2.5
Check: installed package size
Result: NOTE installed size is 6.1Mb sub-directories of 1Mb or more: libs 5.9Mb Flavors: r-release-macos-arm64, r-release-macos-x86_64, r-oldrel-macos-arm64