Last updated on 2023-02-06 11:04:41 CET.
Flavor | Version | Tinstall | Tcheck | Ttotal | Status | Flags |
---|---|---|---|---|---|---|
r-devel-linux-x86_64-debian-clang | 0.2.4 | 133.71 | 100.97 | 234.68 | NOTE | |
r-devel-linux-x86_64-debian-gcc | 0.2.4 | 104.51 | 77.14 | 181.65 | NOTE | |
r-devel-linux-x86_64-fedora-clang | 0.2.4 | 346.85 | NOTE | |||
r-devel-linux-x86_64-fedora-gcc | 0.2.4 | 314.09 | NOTE | |||
r-devel-windows-x86_64 | 0.2.4 | 123.00 | 173.00 | 296.00 | NOTE | |
r-patched-linux-x86_64 | 0.2.4 | 99.86 | 98.72 | 198.58 | OK | |
r-release-linux-x86_64 | 0.2.4 | 90.64 | 98.05 | 188.69 | OK | |
r-release-macos-arm64 | 0.2.4 | 74.00 | NOTE | |||
r-release-macos-x86_64 | 0.2.4 | 97.00 | NOTE | |||
r-release-windows-x86_64 | 0.2.4 | 121.00 | 172.00 | 293.00 | OK | |
r-oldrel-macos-arm64 | 0.2.4 | 73.00 | NOTE | |||
r-oldrel-macos-x86_64 | 0.2.4 | 92.00 | NOTE | |||
r-oldrel-windows-ix86+x86_64 | 0.2.4 | 314.00 | 180.00 | 494.00 | OK |
Version: 0.2.4
Check: C++ specification
Result: NOTE
Specified C++11: please update to current default of C++17
Flavors: r-devel-linux-x86_64-debian-clang, r-devel-linux-x86_64-debian-gcc, r-devel-linux-x86_64-fedora-clang, r-devel-linux-x86_64-fedora-gcc, r-devel-windows-x86_64
Version: 0.2.4
Check: installed package size
Result: NOTE
installed size is 6.2Mb
sub-directories of 1Mb or more:
libs 5.9Mb
Flavors: r-release-macos-arm64, r-release-macos-x86_64, r-oldrel-macos-arm64, r-oldrel-macos-x86_64