CRAN Package Check Results for Package manipulateWidget

Last updated on 2024-04-18 12:52:50 CEST.

Flavor Version Tinstall Tcheck Ttotal Status Flags
r-devel-linux-x86_64-debian-clang 0.11.1 8.73 73.43 82.16 NOTE
r-devel-linux-x86_64-debian-gcc 0.11.1 5.75 54.44 60.19 NOTE
r-devel-linux-x86_64-fedora-clang 0.11.1 99.97 NOTE
r-devel-linux-x86_64-fedora-gcc 0.11.1 120.25 NOTE
r-prerel-macos-arm64 0.11.1 46.00 NOTE
r-prerel-windows-x86_64 0.11.1 9.00 86.00 95.00 NOTE
r-patched-linux-x86_64 0.11.1 7.60 69.18 76.78 NOTE
r-release-linux-x86_64 0.11.1 7.30 68.83 76.13 OK
r-release-macos-arm64 0.11.1 45.00 OK
r-release-macos-x86_64 0.11.1 71.00 OK
r-release-windows-x86_64 0.11.1 10.00 92.00 102.00 OK
r-oldrel-macos-arm64 0.11.1 37.00 NOTE
r-oldrel-windows-x86_64 0.11.1 13.00 100.00 113.00 OK

Check Details

Version: 0.11.1
Check: Rd files
Result: NOTE checkRd: (-1) manipulateWidget.Rd:113-117: Lost braces in \itemize; meant \describe ? checkRd: (-1) manipulateWidget.Rd:118-120: Lost braces in \itemize; meant \describe ? checkRd: (-1) manipulateWidget.Rd:121-123: Lost braces in \itemize; meant \describe ? checkRd: (-1) manipulateWidget.Rd:124-127: Lost braces in \itemize; meant \describe ? Flavors: r-devel-linux-x86_64-debian-clang, r-devel-linux-x86_64-debian-gcc, r-devel-linux-x86_64-fedora-clang, r-devel-linux-x86_64-fedora-gcc, r-prerel-macos-arm64, r-prerel-windows-x86_64, r-patched-linux-x86_64

Version: 0.11.1
Check: data for non-ASCII characters
Result: NOTE Note: found 55 marked UTF-8 strings Flavors: r-devel-linux-x86_64-fedora-clang, r-devel-linux-x86_64-fedora-gcc, r-oldrel-macos-arm64