CRAN Package Check Results for Package manhattanly

Last updated on 2022-06-27 11:50:47 CEST.

Flavor Version Tinstall Tcheck Ttotal Status Flags
r-devel-linux-x86_64-debian-clang 0.3.0 3.78 37.45 41.23 OK
r-devel-linux-x86_64-debian-gcc 0.3.0 2.86 28.49 31.35 OK
r-devel-linux-x86_64-fedora-clang 0.3.0 59.22 NOTE
r-devel-linux-x86_64-fedora-gcc 0.3.0 58.71 NOTE
r-devel-windows-x86_64 0.3.0 22.00 69.00 91.00 OK
r-patched-linux-x86_64 0.3.0 8.61 36.00 44.61 OK
r-release-linux-x86_64 0.3.0 3.77 35.57 39.34 OK
r-release-macos-arm64 0.3.0 24.00 NOTE
r-release-macos-x86_64 0.3.0 34.00 NOTE
r-release-windows-x86_64 0.3.0 33.00 70.00 103.00 OK
r-oldrel-macos-arm64 0.3.0 21.00 NOTE
r-oldrel-macos-x86_64 0.3.0 38.00 NOTE
r-oldrel-windows-ix86+x86_64 0.3.0 9.00 57.00 66.00 OK

Check Details

Version: 0.3.0
Check: dependencies in R code
Result: NOTE
    Namespace in Imports field not imported from: ‘ggplot2’
     All declared Imports should be used.
Flavors: r-devel-linux-x86_64-fedora-clang, r-devel-linux-x86_64-fedora-gcc, r-release-macos-arm64, r-release-macos-x86_64, r-oldrel-macos-arm64, r-oldrel-macos-x86_64