Last updated on 2022-07-02 12:53:07 CEST.
Flavor | Version | Tinstall | Tcheck | Ttotal | Status | Flags |
---|---|---|---|---|---|---|
r-devel-linux-x86_64-debian-clang | 1.0.2 | 313.55 | 103.81 | 417.36 | OK | |
r-devel-linux-x86_64-debian-gcc | 1.0.2 | 259.21 | 76.30 | 335.51 | OK | |
r-devel-linux-x86_64-fedora-clang | 1.0.2 | 627.06 | NOTE | |||
r-devel-linux-x86_64-fedora-gcc | 1.0.2 | 558.65 | OK | |||
r-devel-windows-x86_64 | 1.0.2 | 249.00 | 172.00 | 421.00 | OK | |
r-patched-linux-x86_64 | 1.0.2 | 275.06 | 96.39 | 371.45 | OK | |
r-release-linux-x86_64 | 1.0.2 | 278.47 | 96.19 | 374.66 | OK | |
r-release-macos-arm64 | 1.0.2 | 141.00 | NOTE | |||
r-release-macos-x86_64 | 1.0.2 | 234.00 | NOTE | |||
r-release-windows-x86_64 | 1.0.2 | 251.00 | 166.00 | 417.00 | OK | |
r-oldrel-macos-arm64 | 1.0.2 | 188.00 | NOTE | |||
r-oldrel-macos-x86_64 | 1.0.2 | 241.00 | NOTE | |||
r-oldrel-windows-ix86+x86_64 | 1.0.2 | 822.00 | 185.00 | 1007.00 | OK |
Version: 1.0.2
Check: installed package size
Result: NOTE
installed size is 8.6Mb
sub-directories of 1Mb or more:
libs 7.6Mb
Flavors: r-devel-linux-x86_64-fedora-clang, r-release-macos-arm64, r-release-macos-x86_64, r-oldrel-macos-arm64, r-oldrel-macos-x86_64