Last updated on 2022-06-26 11:52:36 CEST.
Flavor | Version | Tinstall | Tcheck | Ttotal | Status | Flags |
---|---|---|---|---|---|---|
r-devel-linux-x86_64-debian-clang | 1.1.0 | 21.89 | 175.58 | 197.47 | NOTE | |
r-devel-linux-x86_64-debian-gcc | 1.1.0 | 16.98 | 130.16 | 147.14 | NOTE | |
r-devel-linux-x86_64-fedora-clang | 1.1.0 | 236.70 | OK | |||
r-devel-linux-x86_64-fedora-gcc | 1.1.0 | 235.16 | OK | |||
r-devel-windows-x86_64 | 1.1.0 | 118.00 | 217.00 | 335.00 | NOTE | |
r-patched-linux-x86_64 | 1.1.0 | 20.88 | 168.11 | 188.99 | NOTE | |
r-release-linux-x86_64 | 1.1.0 | 16.67 | 166.45 | 183.12 | NOTE | |
r-release-macos-arm64 | 1.1.0 | 79.00 | NOTE | |||
r-release-macos-x86_64 | 1.1.0 | 130.00 | NOTE | |||
r-release-windows-x86_64 | 1.1.0 | 104.00 | 211.00 | 315.00 | NOTE | |
r-oldrel-macos-arm64 | 1.1.0 | 77.00 | NOTE | |||
r-oldrel-macos-x86_64 | 1.1.0 | 124.00 | NOTE | |||
r-oldrel-windows-ix86+x86_64 | 1.1.0 | 41.00 | 204.00 | 245.00 | OK |
Version: 1.1.0
Check: package dependencies
Result: NOTE
Package suggested but not available for checking: 'INLA'
Flavors: r-devel-linux-x86_64-debian-clang, r-devel-linux-x86_64-debian-gcc, r-devel-windows-x86_64, r-patched-linux-x86_64, r-release-linux-x86_64, r-release-macos-arm64, r-release-macos-x86_64, r-release-windows-x86_64, r-oldrel-macos-arm64, r-oldrel-macos-x86_64
Version: 1.1.0
Check: Rd cross-references
Result: NOTE
Package unavailable to check Rd xrefs: 'INLA'
Flavors: r-devel-linux-x86_64-debian-clang, r-devel-linux-x86_64-debian-gcc, r-devel-windows-x86_64, r-patched-linux-x86_64, r-release-linux-x86_64, r-release-macos-arm64, r-release-macos-x86_64, r-release-windows-x86_64, r-oldrel-macos-arm64, r-oldrel-macos-x86_64