Last updated on 2024-04-18 12:52:50 CEST.
Flavor | Version | Tinstall | Tcheck | Ttotal | Status | Flags |
---|---|---|---|---|---|---|
r-devel-linux-x86_64-debian-clang | 1.0.3 | 2.34 | 90.82 | 93.16 | OK | |
r-devel-linux-x86_64-debian-gcc | 1.0.3 | 1.62 | 67.84 | 69.46 | OK | |
r-devel-linux-x86_64-fedora-clang | 1.0.3 | 126.39 | OK | |||
r-devel-linux-x86_64-fedora-gcc | 1.0.3 | 133.63 | OK | |||
r-prerel-macos-arm64 | 1.0.3 | 37.00 | NOTE | |||
r-prerel-macos-x86_64 | 1.0.3 | 89.00 | OK | |||
r-prerel-windows-x86_64 | 1.0.3 | 4.00 | 88.00 | 92.00 | OK | |
r-patched-linux-x86_64 | 1.0.3 | 3.40 | 88.02 | 91.42 | OK | |
r-release-linux-x86_64 | 1.0.3 | 2.34 | 85.92 | 88.26 | OK | |
r-release-macos-arm64 | 1.0.3 | 58.00 | NOTE | |||
r-release-macos-x86_64 | 1.0.3 | 94.00 | NOTE | |||
r-release-windows-x86_64 | 1.0.3 | 4.00 | 103.00 | 107.00 | OK | |
r-oldrel-macos-arm64 | 1.0.3 | 45.00 | OK | |||
r-oldrel-windows-x86_64 | 1.0.3 | 5.00 | 107.00 | 112.00 | OK |
Version: 1.0.3
Check: package dependencies
Result: NOTE
Package suggested but not available for checking: ‘dittoSeq’
Flavors: r-prerel-macos-arm64, r-release-macos-arm64, r-release-macos-x86_64