Last updated on 2022-06-30 11:53:12 CEST.
Flavor | Version | Tinstall | Tcheck | Ttotal | Status | Flags |
---|---|---|---|---|---|---|
r-devel-linux-x86_64-debian-clang | 1.6-0 | 3.38 | 60.30 | 63.68 | NOTE | |
r-devel-linux-x86_64-debian-gcc | 1.6-0 | 4.11 | 45.39 | 49.50 | NOTE | |
r-devel-linux-x86_64-fedora-clang | 1.6-0 | 88.78 | NOTE | |||
r-devel-linux-x86_64-fedora-gcc | 1.6-0 | 88.70 | NOTE | |||
r-devel-windows-x86_64 | 1.6-0 | 39.00 | 110.00 | 149.00 | NOTE | |
r-patched-linux-x86_64 | 1.6-0 | 4.51 | 56.83 | 61.34 | OK | |
r-release-linux-x86_64 | 1.6-0 | 5.38 | 56.26 | 61.64 | OK | |
r-release-macos-arm64 | 1.6-0 | 29.00 | OK | |||
r-release-macos-x86_64 | 1.6-0 | 44.00 | OK | |||
r-release-windows-x86_64 | 1.6-0 | 16.00 | 109.00 | 125.00 | OK | |
r-oldrel-macos-arm64 | 1.6-0 | 29.00 | OK | |||
r-oldrel-macos-x86_64 | 1.6-0 | 42.00 | OK | |||
r-oldrel-windows-ix86+x86_64 | 1.6-0 | 10.00 | 84.00 | 94.00 | OK |
Version: 1.6-0
Check: Rd files
Result: NOTE
checkRd: (-1) cilleruelo.Rd:36: Escaped LaTeX specials: \#
Flavors: r-devel-linux-x86_64-debian-clang, r-devel-linux-x86_64-debian-gcc, r-devel-linux-x86_64-fedora-clang, r-devel-linux-x86_64-fedora-gcc, r-devel-windows-x86_64