Last updated on 2025-05-03 10:50:08 CEST.
Flavor | Version | Tinstall | Tcheck | Ttotal | Status | Flags |
---|---|---|---|---|---|---|
r-devel-linux-x86_64-debian-clang | 0.5.11 | 10.02 | 89.12 | 99.14 | NOTE | |
r-devel-linux-x86_64-debian-gcc | 0.5.11 | 7.39 | 67.53 | 74.92 | NOTE | |
r-devel-linux-x86_64-fedora-clang | 0.5.11 | 165.63 | NOTE | |||
r-devel-linux-x86_64-fedora-gcc | 0.5.11 | 167.43 | NOTE | |||
r-devel-windows-x86_64 | 0.5.11 | 11.00 | 124.00 | 135.00 | NOTE | |
r-patched-linux-x86_64 | 0.5.11 | 10.62 | 86.05 | 96.67 | NOTE | |
r-release-linux-x86_64 | NOTE | |||||
r-release-macos-arm64 | 0.5.11 | 64.00 | NOTE | |||
r-release-macos-x86_64 | 0.5.11 | 110.00 | NOTE | |||
r-release-windows-x86_64 | 0.5.11 | 12.00 | 128.00 | 140.00 | NOTE | |
r-oldrel-macos-arm64 | 0.5.11 | 52.00 | NOTE | |||
r-oldrel-macos-x86_64 | 0.5.11 | 80.00 | NOTE | |||
r-oldrel-windows-x86_64 | 0.5.11 | 14.00 | 141.00 | 155.00 | NOTE |
Version: 0.5.11
Check: CRAN incoming feasibility
Result: NOTE
Maintainer: ‘Philipp Doebler <philipp.doebler@googlemail.com>’
No Authors@R field in DESCRIPTION.
Please add one, modifying
Authors@R: c(person(given = c("Philipp", "Doebler", "with", "contributions", "from", "Bernardo"),
family = "Sousa-Pinto",
role = "aut"),
person(given = "Philipp",
family = "Doebler",
role = "cre",
email = "philipp.doebler@googlemail.com"))
as necessary.
The URL field contains the following bad parts:
r-forge.r-project.org/projects/mada/
The URL field should be a list of URLs separated by commas or
whitespace.
Flavors: r-devel-linux-x86_64-debian-clang, r-devel-linux-x86_64-debian-gcc
Version: 0.5.11
Check: Rd files
Result: NOTE
checkRd: (-1) mada-data.Rd:45: Lost braces
45 | Kriston, L., H{\"o}elzel, L., Weiser, A., Berner, M., & Haerter, M. (2008).\dQuote{ Meta-analysis: Are 3
| ^
Flavors: r-devel-linux-x86_64-debian-clang, r-devel-linux-x86_64-debian-gcc, r-devel-linux-x86_64-fedora-clang, r-devel-linux-x86_64-fedora-gcc, r-devel-windows-x86_64, r-patched-linux-x86_64, r-release-linux-x86_64, r-release-macos-arm64, r-release-macos-x86_64, r-release-windows-x86_64, r-oldrel-macos-arm64, r-oldrel-macos-x86_64, r-oldrel-windows-x86_64
Version: 0.5.11
Check: Rd cross-references
Result: NOTE
Found the following Rd file(s) with Rd \link{} targets missing package
anchors:
SummaryPts.Rd: rmvnorm
Please provide package anchors for all Rd \link{} targets not in the
package itself and the base packages.
Flavors: r-devel-linux-x86_64-debian-clang, r-devel-linux-x86_64-debian-gcc, r-devel-windows-x86_64, r-patched-linux-x86_64, r-release-linux-x86_64, r-release-windows-x86_64