Last updated on 2025-05-18 10:49:29 CEST.
Flavor | Version | Tinstall | Tcheck | Ttotal | Status | Flags |
---|---|---|---|---|---|---|
r-devel-linux-x86_64-debian-clang | 0.1.0 | 1.67 | 18.44 | 20.11 | OK | |
r-devel-linux-x86_64-debian-gcc | 0.1.0 | 1.51 | 14.66 | 16.17 | OK | |
r-devel-linux-x86_64-fedora-clang | 0.1.0 | 31.50 | NOTE | |||
r-devel-linux-x86_64-fedora-gcc | 0.1.0 | 29.60 | NOTE | |||
r-devel-windows-x86_64 | 0.1.0 | 5.00 | 39.00 | 44.00 | OK | |
r-patched-linux-x86_64 | 0.1.0 | 1.63 | 17.80 | 19.43 | OK | |
r-release-linux-x86_64 | 0.1.0 | 1.41 | 17.47 | 18.88 | OK | |
r-release-macos-arm64 | 0.1.0 | 17.00 | OK | |||
r-release-macos-x86_64 | 0.1.0 | 23.00 | OK | |||
r-release-windows-x86_64 | 0.1.0 | 5.00 | 48.00 | 53.00 | OK | |
r-oldrel-macos-arm64 | 0.1.0 | 15.00 | OK | |||
r-oldrel-macos-x86_64 | 0.1.0 | 20.00 | OK | |||
r-oldrel-windows-x86_64 | 0.1.0 | 5.00 | 43.00 | 48.00 | OK |
Version: 0.1.0
Check: dependencies in R code
Result: NOTE
Namespace in Imports field not imported from: ‘R.utils’
All declared Imports should be used.
Flavors: r-devel-linux-x86_64-fedora-clang, r-devel-linux-x86_64-fedora-gcc