Last updated on 2022-07-02 12:53:07 CEST.
Flavor | Version | Tinstall | Tcheck | Ttotal | Status | Flags |
---|---|---|---|---|---|---|
r-devel-linux-x86_64-debian-clang | 1.0.4 | 38.65 | 288.82 | 327.47 | OK | |
r-devel-linux-x86_64-debian-gcc | 1.0.4 | 33.26 | 212.24 | 245.50 | OK | |
r-devel-linux-x86_64-fedora-clang | 1.0.4 | 393.85 | WARN | |||
r-devel-linux-x86_64-fedora-gcc | 1.0.4 | 399.22 | WARN | |||
r-devel-windows-x86_64 | 1.0.4 | 65.00 | 305.00 | 370.00 | OK | |
r-patched-linux-x86_64 | 1.0.4 | 39.70 | 279.05 | 318.75 | OK | |
r-release-linux-x86_64 | 1.0.4 | 39.50 | 279.91 | 319.41 | OK | |
r-release-macos-arm64 | 1.0.4 | 91.00 | OK | |||
r-release-macos-x86_64 | 1.0.4 | 132.00 | OK | |||
r-release-windows-x86_64 | 1.0.4 | 68.00 | 298.00 | 366.00 | OK | |
r-oldrel-macos-arm64 | 1.0.4 | 75.00 | OK | |||
r-oldrel-macos-x86_64 | 1.0.4 | 110.00 | OK | |||
r-oldrel-windows-ix86+x86_64 | 1.0.4 | 90.00 | 405.00 | 495.00 | OK |
Version: 1.0.4
Check: package dependencies
Result: WARN
Requires (indirectly) orphaned package: ‘gtools’
Flavors: r-devel-linux-x86_64-fedora-clang, r-devel-linux-x86_64-fedora-gcc