Last updated on 2024-05-01 12:14:27 CEST.
Flavor | Version | Tinstall | Tcheck | Ttotal | Status | Flags |
---|---|---|---|---|---|---|
r-devel-linux-x86_64-debian-clang | 0.1.7 | 58.84 | 37.26 | 96.10 | NOTE | |
r-devel-linux-x86_64-debian-gcc | 0.1.7 | 45.67 | 28.45 | 74.12 | NOTE | |
r-devel-linux-x86_64-fedora-clang | 0.1.7 | 124.21 | NOTE | |||
r-devel-linux-x86_64-fedora-gcc | 0.1.7 | 149.18 | NOTE | |||
r-devel-windows-x86_64 | 0.1.7 | 58.00 | 65.00 | 123.00 | NOTE | |
r-patched-linux-x86_64 | 0.1.6 | 55.04 | 35.47 | 90.51 | NOTE | |
r-release-linux-x86_64 | 0.1.7 | 57.98 | 35.89 | 93.87 | NOTE | |
r-release-macos-arm64 | 0.1.7 | 65.00 | NOTE | |||
r-release-macos-x86_64 | 0.1.7 | 159.00 | NOTE | |||
r-release-windows-x86_64 | 0.1.7 | 59.00 | 67.00 | 126.00 | NOTE | |
r-oldrel-macos-arm64 | 0.1.7 | 69.00 | NOTE | |||
r-oldrel-macos-x86_64 | 0.1.7 | 130.00 | NOTE | |||
r-oldrel-windows-x86_64 | 0.1.7 | 56.00 | 78.00 | 134.00 | NOTE |
Version: 0.1.7
Check: for GNU extensions in Makefiles
Result: NOTE
GNU make is a SystemRequirements.
Flavors: r-devel-linux-x86_64-debian-clang, r-devel-linux-x86_64-debian-gcc, r-devel-linux-x86_64-fedora-clang, r-devel-linux-x86_64-fedora-gcc, r-devel-windows-x86_64, r-release-linux-x86_64, r-release-macos-arm64, r-release-macos-x86_64, r-release-windows-x86_64, r-oldrel-macos-arm64, r-oldrel-macos-x86_64, r-oldrel-windows-x86_64
Version: 0.1.6
Check: for GNU extensions in Makefiles
Result: NOTE
GNU make is a SystemRequirements.
Flavor: r-patched-linux-x86_64