Last updated on 2025-04-29 12:52:40 CEST.
Flavor | Version | Tinstall | Tcheck | Ttotal | Status | Flags |
---|---|---|---|---|---|---|
r-devel-linux-x86_64-debian-clang | 1.1.2 | 43.17 | 34.37 | 77.54 | NOTE | |
r-devel-linux-x86_64-debian-gcc | 1.1.2 | 24.66 | 25.65 | 50.31 | NOTE | |
r-devel-linux-x86_64-fedora-clang | 1.1.2 | 176.81 | OK | |||
r-devel-linux-x86_64-fedora-gcc | 1.1.2 | 119.86 | OK | |||
r-devel-windows-x86_64 | 1.1.2 | 46.00 | 103.00 | 149.00 | OK | |
r-patched-linux-x86_64 | 1.1.2 | 34.75 | 33.31 | 68.06 | OK | |
r-release-linux-x86_64 | 1.1.2 | 34.13 | 33.59 | 67.72 | OK | |
r-release-macos-arm64 | 1.1.2 | 41.00 | OK | |||
r-release-macos-x86_64 | 1.1.2 | 63.00 | OK | |||
r-release-windows-x86_64 | 1.1.2 | 48.00 | 121.00 | 169.00 | OK | |
r-oldrel-macos-arm64 | 1.1.2 | 42.00 | OK | |||
r-oldrel-macos-x86_64 | 1.1.2 | 81.00 | OK | |||
r-oldrel-windows-x86_64 | 1.1.2 | 48.00 | 89.00 | 137.00 | OK |
Version: 1.1.2
Check: CRAN incoming feasibility
Result: NOTE
Maintainer: ‘Dong Liang <dliang@umces.edu>’
No Authors@R field in DESCRIPTION.
Please add one, modifying
Authors@R: c(person(given = "Naresh",
family = "Kumar",
role = "aut"),
person(given = "Dong",
family = "Liang",
role = c("aut", "cre"),
email = "dliang@umces.edu"))
as necessary.
Flavors: r-devel-linux-x86_64-debian-clang, r-devel-linux-x86_64-debian-gcc
Version: 1.1.2
Check: examples
Result: NOTE
Examples with CPU (user + system) or elapsed time > 5s
user system elapsed
ltsk.cv 4.458 0.019 5.129
Flavor: r-devel-linux-x86_64-debian-clang