Last updated on 2023-09-21 12:57:16 CEST.
Flavor | Version | Tinstall | Tcheck | Ttotal | Status | Flags |
---|---|---|---|---|---|---|
r-devel-linux-x86_64-debian-clang | 1.1.0 | 3.15 | 45.11 | 48.26 | OK | |
r-devel-linux-x86_64-debian-gcc | 1.1.0 | 2.61 | 34.49 | 37.10 | OK | |
r-devel-linux-x86_64-fedora-clang | 1.1.0 | 60.07 | NOTE | |||
r-devel-linux-x86_64-fedora-gcc | 1.1.0 | 68.19 | NOTE | |||
r-devel-windows-x86_64 | 1.1.0 | 4.00 | 59.00 | 63.00 | OK | |
r-patched-linux-x86_64 | 1.1.0 | 2.67 | 43.16 | 45.83 | OK | |
r-release-linux-x86_64 | 1.1.0 | 2.16 | 44.36 | 46.52 | OK | |
r-release-macos-arm64 | 1.1.0 | 32.00 | OK | |||
r-release-macos-x86_64 | 1.1.0 | 38.00 | OK | |||
r-release-windows-x86_64 | 1.1.0 | 5.00 | 61.00 | 66.00 | OK | |
r-oldrel-macos-arm64 | 1.1.0 | 26.00 | OK | |||
r-oldrel-macos-x86_64 | 1.1.0 | 36.00 | OK | |||
r-oldrel-windows-x86_64 | 1.1.0 | 6.00 | 65.00 | 71.00 | OK |
Version: 1.1.0
Check: data for non-ASCII characters
Result: NOTE
Note: found 1 marked UTF-8 string
Flavors: r-devel-linux-x86_64-fedora-clang, r-devel-linux-x86_64-fedora-gcc