Last updated on 2024-04-24 11:20:55 CEST.
Flavor | Version | Tinstall | Tcheck | Ttotal | Status | Flags |
---|---|---|---|---|---|---|
r-devel-linux-x86_64-debian-clang | 1.3.1 | 717.89 | 352.42 | 1070.31 | OK | |
r-devel-linux-x86_64-debian-gcc | 1.3.1 | 574.23 | 276.63 | 850.86 | OK | |
r-devel-linux-x86_64-fedora-clang | 1.3.1 | 1549.79 | OK | |||
r-devel-linux-x86_64-fedora-gcc | 1.3.1 | 1759.81 | OK | |||
r-devel-windows-x86_64 | 1.3.1 | 534.00 | 346.00 | 880.00 | OK | |
r-patched-linux-x86_64 | 1.3.1 | 499.41 | 346.68 | 846.09 | OK | |
r-release-linux-x86_64 | 1.3.1 | 679.67 | 346.76 | 1026.43 | OK | |
r-release-macos-arm64 | 1.3.1 | 287.00 | NOTE | |||
r-release-windows-x86_64 | 1.3.1 | 524.00 | 357.00 | 881.00 | OK | |
r-oldrel-macos-arm64 | 1.3.1 | 270.00 | NOTE | |||
r-oldrel-macos-x86_64 | 1.3.1 | 468.00 | NOTE | |||
r-oldrel-windows-x86_64 | 1.3.1 | 647.00 | 404.00 | 1051.00 | OK |
Version: 1.3.1
Check: installed package size
Result: NOTE
installed size is 16.4Mb
sub-directories of 1Mb or more:
libs 15.7Mb
Flavors: r-release-macos-arm64, r-oldrel-macos-arm64, r-oldrel-macos-x86_64