Last updated on 2025-04-29 12:52:40 CEST.
Flavor | Version | Tinstall | Tcheck | Ttotal | Status | Flags |
---|---|---|---|---|---|---|
r-devel-linux-x86_64-debian-clang | 0.1.0 | 1.83 | 17.21 | 19.04 | NOTE | |
r-devel-linux-x86_64-debian-gcc | 0.1.0 | 1.31 | 14.31 | 15.62 | NOTE | |
r-devel-linux-x86_64-fedora-clang | 0.1.0 | 29.88 | OK | |||
r-devel-linux-x86_64-fedora-gcc | 0.1.0 | 28.53 | OK | |||
r-devel-windows-x86_64 | 0.1.0 | 2.00 | 54.00 | 56.00 | OK | |
r-patched-linux-x86_64 | 0.1.0 | 1.72 | 16.65 | 18.37 | OK | |
r-release-linux-x86_64 | 0.1.0 | 1.70 | 16.59 | 18.29 | OK | |
r-release-macos-arm64 | 0.1.0 | 19.00 | OK | |||
r-release-macos-x86_64 | 0.1.0 | 23.00 | OK | |||
r-release-windows-x86_64 | 0.1.0 | 2.00 | 57.00 | 59.00 | OK | |
r-oldrel-macos-arm64 | 0.1.0 | 14.00 | NOTE | |||
r-oldrel-macos-x86_64 | 0.1.0 | 19.00 | NOTE | |||
r-oldrel-windows-x86_64 | 0.1.0 | 3.00 | 42.00 | 45.00 | NOTE |
Version: 0.1.0
Check: CRAN incoming feasibility
Result: NOTE
Maintainer: ‘Fella Ulandari <16.9134@stis.ac.id>’
No Authors@R field in DESCRIPTION.
Please add one, modifying
Authors@R: c(person(given = "Fella",
family = "Ulandari",
role = c("aut", "cre"),
email = "16.9134@stis.ac.id"),
person(given = "Robert",
family = "Kurniawan",
role = "aut"))
as necessary.
Flavors: r-devel-linux-x86_64-debian-clang, r-devel-linux-x86_64-debian-gcc
Version: 0.1.0
Check: LazyData
Result: NOTE
'LazyData' is specified without a 'data' directory
Flavors: r-oldrel-macos-arm64, r-oldrel-macos-x86_64, r-oldrel-windows-x86_64