Last updated on 2024-08-16 12:49:12 CEST.
Flavor | Version | Tinstall | Tcheck | Ttotal | Status | Flags |
---|---|---|---|---|---|---|
r-devel-linux-x86_64-debian-clang | 0.2.9 | 553.05 | 319.78 | 872.83 | OK | |
r-devel-linux-x86_64-debian-gcc | 0.2.9 | 244.27 | 211.46 | 455.73 | OK | |
r-devel-linux-x86_64-fedora-clang | 0.2.9 | 1052.77 | NOTE | |||
r-devel-linux-x86_64-fedora-gcc | 0.2.9 | 1191.20 | OK | |||
r-devel-windows-x86_64 | 0.2.9 | 251.00 | 521.00 | 772.00 | NOTE | |
r-patched-linux-x86_64 | 0.2.9 | 349.56 | 304.99 | 654.55 | OK | |
r-release-linux-x86_64 | 0.2.9 | 346.28 | 305.93 | 652.21 | OK | |
r-release-macos-arm64 | 0.2.9 | 283.00 | NOTE | |||
r-release-macos-x86_64 | 0.2.9 | 456.00 | NOTE | |||
r-release-windows-x86_64 | 0.2.9 | 250.00 | 512.00 | 762.00 | NOTE | |
r-oldrel-macos-arm64 | 0.2.9 | 329.00 | NOTE | |||
r-oldrel-macos-x86_64 | 0.2.9 | 468.00 | NOTE | |||
r-oldrel-windows-x86_64 | 0.2.9 | 320.00 | 600.00 | 920.00 | NOTE |
Version: 0.2.9
Check: installed package size
Result: NOTE
installed size is 9.2Mb
sub-directories of 1Mb or more:
libs 6.9Mb
Flavors: r-devel-linux-x86_64-fedora-clang, r-devel-windows-x86_64, r-release-macos-arm64, r-release-macos-x86_64, r-release-windows-x86_64, r-oldrel-macos-arm64, r-oldrel-macos-x86_64, r-oldrel-windows-x86_64