Last updated on 2023-09-27 12:02:52 CEST.
Flavor | Version | Tinstall | Tcheck | Ttotal | Status | Flags |
---|---|---|---|---|---|---|
r-devel-linux-x86_64-debian-clang | 0.1.15 | 121.50 | 183.19 | 304.69 | OK | |
r-devel-linux-x86_64-debian-gcc | 0.1.15 | 87.32 | 133.91 | 221.23 | OK | |
r-devel-linux-x86_64-fedora-clang | 0.1.15 | 397.48 | OK | |||
r-devel-linux-x86_64-fedora-gcc | 0.1.15 | 417.64 | OK | |||
r-devel-windows-x86_64 | 0.1.15 | 62.00 | 264.00 | 326.00 | OK | |
r-patched-linux-x86_64 | 0.1.15 | 111.34 | 178.28 | 289.62 | OK | |
r-release-linux-x86_64 | 0.1.15 | 109.41 | 177.71 | 287.12 | OK | |
r-release-macos-arm64 | 0.1.15 | 110.00 | NOTE | |||
r-release-macos-x86_64 | 0.1.15 | 267.00 | NOTE | |||
r-release-windows-x86_64 | 0.1.15 | 68.00 | 295.00 | 363.00 | OK | |
r-oldrel-macos-arm64 | 0.1.15 | 99.00 | NOTE | |||
r-oldrel-macos-x86_64 | 0.1.15 | 138.00 | NOTE | |||
r-oldrel-windows-x86_64 | 0.1.15 | 82.00 | 278.00 | 360.00 | OK |
Version: 0.1.15
Check: installed package size
Result: NOTE
installed size is 12.7Mb
sub-directories of 1Mb or more:
libs 12.1Mb
Flavors: r-release-macos-arm64, r-release-macos-x86_64, r-oldrel-macos-arm64, r-oldrel-macos-x86_64