Last updated on 2024-03-28 09:51:47 CET.
Flavor | Version | Tinstall | Tcheck | Ttotal | Status | Flags |
---|---|---|---|---|---|---|
r-devel-linux-x86_64-debian-clang | 0.2.4 | 302.45 | 346.82 | 649.27 | OK | |
r-devel-linux-x86_64-debian-gcc | 0.2.4 | 249.78 | 250.25 | 500.03 | OK | |
r-devel-linux-x86_64-fedora-clang | 0.2.4 | 841.37 | NOTE | |||
r-devel-linux-x86_64-fedora-gcc | 0.2.4 | 889.27 | OK | |||
r-devel-windows-x86_64 | 0.2.4 | 191.00 | 422.00 | 613.00 | NOTE | |
r-patched-linux-x86_64 | 0.2.4 | 295.02 | 330.45 | 625.47 | OK | |
r-release-linux-x86_64 | 0.2.4 | 277.71 | 327.30 | 605.01 | OK | |
r-release-macos-arm64 | 0.2.4 | 223.00 | NOTE | |||
r-release-macos-x86_64 | 0.2.4 | 358.00 | NOTE | |||
r-release-windows-x86_64 | 0.2.4 | 169.00 | 503.00 | 672.00 | NOTE | |
r-oldrel-macos-arm64 | 0.2.4 | 213.00 | NOTE | |||
r-oldrel-windows-x86_64 | 0.2.4 | 222.00 | 427.00 | 649.00 | NOTE |
Version: 0.2.4
Check: installed package size
Result: NOTE
installed size is 6.8Mb
sub-directories of 1Mb or more:
libs 4.8Mb
Flavors: r-devel-linux-x86_64-fedora-clang, r-devel-windows-x86_64, r-release-macos-arm64, r-release-macos-x86_64, r-release-windows-x86_64, r-oldrel-macos-arm64, r-oldrel-windows-x86_64