Last updated on 2025-07-08 12:49:52 CEST.
Flavor | Version | Tinstall | Tcheck | Ttotal | Status | Flags |
---|---|---|---|---|---|---|
r-devel-linux-x86_64-debian-clang | 0.5.4 | 2.72 | 26.32 | 29.04 | NOTE | |
r-devel-linux-x86_64-debian-gcc | 0.5.4 | 1.88 | 20.28 | 22.16 | NOTE | |
r-devel-linux-x86_64-fedora-clang | 0.5.4 | 44.70 | OK | |||
r-devel-linux-x86_64-fedora-gcc | 0.5.4 | 42.61 | OK | |||
r-devel-windows-x86_64 | 0.5.4 | 3.00 | 50.00 | 53.00 | OK | |
r-patched-linux-x86_64 | 0.5.4 | 2.54 | 24.30 | 26.84 | OK | |
r-release-linux-x86_64 | 0.5.4 | 2.19 | 24.23 | 26.42 | OK | |
r-release-macos-arm64 | 0.5.4 | 28.00 | OK | |||
r-release-macos-x86_64 | 0.5.4 | 29.00 | OK | |||
r-release-windows-x86_64 | 0.5.4 | 4.00 | 51.00 | 55.00 | OK | |
r-oldrel-macos-arm64 | 0.5.4 | 16.00 | OK | |||
r-oldrel-macos-x86_64 | 0.5.4 | 24.00 | OK | |||
r-oldrel-windows-x86_64 | 0.5.4 | 4.00 | 53.00 | 57.00 | OK |
Version: 0.5.4
Check: CRAN incoming feasibility
Result: NOTE
Maintainer: ‘Adam Mantz <amantz@slac.stanford.edu>’
No Authors@R field in DESCRIPTION.
Please add one, modifying
Authors@R: person(given = "Adam",
family = "Mantz",
role = c("aut", "cre"),
email = "amantz@slac.stanford.edu")
as necessary.
Flavors: r-devel-linux-x86_64-debian-clang, r-devel-linux-x86_64-debian-gcc