Last updated on 2022-07-01 11:52:04 CEST.
Flavor | Version | Tinstall | Tcheck | Ttotal | Status | Flags |
---|---|---|---|---|---|---|
r-devel-linux-x86_64-debian-clang | 0.2.1 | 137.36 | 219.38 | 356.74 | OK | |
r-devel-linux-x86_64-debian-gcc | 0.2.1 | 105.68 | 154.88 | 260.56 | OK | |
r-devel-linux-x86_64-fedora-clang | 0.2.1 | 467.60 | OK | |||
r-devel-linux-x86_64-fedora-gcc | 0.2.1 | 433.45 | OK | |||
r-devel-windows-x86_64 | 0.2.1 | 134.00 | 387.00 | 521.00 | OK | |
r-patched-linux-x86_64 | 0.2.1 | 127.38 | 198.63 | 326.01 | OK | |
r-release-linux-x86_64 | 0.2.1 | 124.72 | 200.95 | 325.67 | OK | |
r-release-macos-arm64 | 0.2.1 | 160.00 | NOTE | |||
r-release-macos-x86_64 | 0.2.1 | 211.00 | NOTE | |||
r-release-windows-x86_64 | 0.2.1 | 284.00 | 401.00 | 685.00 | OK | |
r-oldrel-macos-arm64 | 0.2.1 | 153.00 | NOTE | |||
r-oldrel-macos-x86_64 | 0.2.1 | 211.00 | NOTE | |||
r-oldrel-windows-ix86+x86_64 | 0.2.1 | 328.00 | 581.00 | 909.00 | OK |
Version: 0.2.1
Check: installed package size
Result: NOTE
installed size is 5.4Mb
sub-directories of 1Mb or more:
libs 3.8Mb
Flavors: r-release-macos-arm64, r-release-macos-x86_64, r-oldrel-macos-arm64, r-oldrel-macos-x86_64