CRAN Package Check Results for Package lowmemtkmeans

Last updated on 2022-07-01 11:52:04 CEST.

Flavor Version Tinstall Tcheck Ttotal Status Flags
r-devel-linux-x86_64-debian-clang 0.1.2 35.02 29.53 64.55 NOTE
r-devel-linux-x86_64-debian-gcc 0.1.2 29.32 23.20 52.52 NOTE
r-devel-linux-x86_64-fedora-clang 0.1.2 102.50 NOTE
r-devel-linux-x86_64-fedora-gcc 0.1.2 92.77 NOTE
r-devel-windows-x86_64 0.1.2 36.00 71.00 107.00 NOTE
r-patched-linux-x86_64 0.1.2 29.34 29.54 58.88 NOTE
r-release-linux-x86_64 0.1.2 25.93 29.51 55.44 NOTE
r-release-macos-arm64 0.1.2 24.00 NOTE
r-release-macos-x86_64 0.1.2 37.00 NOTE
r-release-windows-x86_64 0.1.2 38.00 74.00 112.00 NOTE
r-oldrel-macos-arm64 0.1.2 27.00 NOTE
r-oldrel-macos-x86_64 0.1.2 47.00 NOTE
r-oldrel-windows-ix86+x86_64 0.1.2 85.00 77.00 162.00 NOTE

Check Details

Version: 0.1.2
Check: LazyData
Result: NOTE
     'LazyData' is specified without a 'data' directory
Flavors: r-devel-linux-x86_64-debian-clang, r-devel-linux-x86_64-debian-gcc, r-devel-linux-x86_64-fedora-clang, r-devel-linux-x86_64-fedora-gcc, r-devel-windows-x86_64, r-patched-linux-x86_64, r-release-linux-x86_64, r-release-macos-arm64, r-release-macos-x86_64, r-release-windows-x86_64, r-oldrel-macos-arm64, r-oldrel-macos-x86_64, r-oldrel-windows-ix86+x86_64

Version: 0.1.2
Check: compiled code
Result: NOTE
    File ‘lowmemtkmeans/libs/lowmemtkmeans.so’:
     Found no calls to: ‘R_registerRoutines’, ‘R_useDynamicSymbols’
    
    It is good practice to register native routines and to disable symbol
    search.
    
    See ‘Writing portable packages’ in the ‘Writing R Extensions’ manual.
Flavors: r-devel-linux-x86_64-fedora-clang, r-devel-linux-x86_64-fedora-gcc