Last updated on 2022-07-04 12:54:13 CEST.
Flavor | Version | Tinstall | Tcheck | Ttotal | Status | Flags |
---|---|---|---|---|---|---|
r-devel-linux-x86_64-debian-clang | 1.0-5 | 3.68 | 48.92 | 52.60 | NOTE | |
r-devel-linux-x86_64-debian-gcc | 1.0-5 | 2.54 | 38.37 | 40.91 | NOTE | |
r-devel-linux-x86_64-fedora-clang | 1.0-5 | 76.43 | NOTE | |||
r-devel-linux-x86_64-fedora-gcc | 1.0-5 | 74.49 | NOTE | |||
r-devel-windows-x86_64 | 1.0-5 | 31.00 | 98.00 | 129.00 | NOTE | |
r-patched-linux-x86_64 | 1.0-5 | 2.83 | 46.55 | 49.38 | NOTE | |
r-release-linux-x86_64 | 1.0-5 | 3.53 | 46.72 | 50.25 | NOTE | |
r-release-macos-arm64 | 1.0-5 | 25.00 | NOTE | |||
r-release-macos-x86_64 | 1.0-5 | 37.00 | NOTE | |||
r-release-windows-x86_64 | 1.0-5 | 41.00 | 96.00 | 137.00 | NOTE | |
r-oldrel-macos-arm64 | 1.0-5 | 29.00 | NOTE | |||
r-oldrel-macos-x86_64 | 1.0-5 | 54.00 | NOTE | |||
r-oldrel-windows-ix86+x86_64 | 1.0-5 | 8.00 | 82.00 | 90.00 | NOTE |
Version: 1.0-5
Check: LazyData
Result: NOTE
'LazyData' is specified without a 'data' directory
Flavors: r-devel-linux-x86_64-debian-clang, r-devel-linux-x86_64-debian-gcc, r-devel-linux-x86_64-fedora-clang, r-devel-linux-x86_64-fedora-gcc, r-devel-windows-x86_64, r-patched-linux-x86_64, r-release-linux-x86_64, r-release-macos-arm64, r-release-macos-x86_64, r-release-windows-x86_64, r-oldrel-macos-arm64, r-oldrel-macos-x86_64, r-oldrel-windows-ix86+x86_64