Last updated on 2024-04-17 10:41:41 CEST.
Flavor | Version | Tinstall | Tcheck | Ttotal | Status | Flags |
---|---|---|---|---|---|---|
r-devel-linux-x86_64-debian-clang | 1.3.4 | 29.67 | 349.18 | 378.85 | OK | |
r-devel-linux-x86_64-debian-gcc | 1.3.4 | 20.11 | 246.89 | 267.00 | OK | |
r-devel-linux-x86_64-fedora-clang | 1.3.4 | 472.58 | NOTE | |||
r-devel-linux-x86_64-fedora-gcc | 1.3.4 | 483.93 | NOTE | |||
r-prerel-macos-arm64 | 1.3.4 | 240.00 | OK | |||
r-prerel-macos-x86_64 | 1.3.4 | 525.00 | OK | |||
r-prerel-windows-x86_64 | 1.3.4 | 20.00 | 263.00 | 283.00 | OK | |
r-patched-linux-x86_64 | 1.3.4 | 33.43 | 328.98 | 362.41 | OK | |
r-release-linux-x86_64 | 1.3.4 | 15.43 | 303.67 | 319.10 | OK | |
r-release-macos-arm64 | 1.3.4 | 169.00 | OK | |||
r-release-macos-x86_64 | 1.3.4 | 512.00 | OK | |||
r-release-windows-x86_64 | 1.3.4 | 25.00 | 359.00 | 384.00 | OK | |
r-oldrel-macos-arm64 | 1.3.4 | 288.00 | OK | |||
r-oldrel-windows-x86_64 | 1.3.4 | 23.00 | 321.00 | 344.00 | OK |
Version: 1.3.4
Check: dependencies in R code
Result: NOTE
Namespace in Imports field not imported from: ‘cli’
All declared Imports should be used.
Flavors: r-devel-linux-x86_64-fedora-clang, r-devel-linux-x86_64-fedora-gcc