CRAN Package Check Results for Package longit

Last updated on 2024-02-25 10:54:29 CET.

Flavor Version Tinstall Tcheck Ttotal Status Flags
r-devel-linux-x86_64-debian-clang 0.1.0 12.77 104.50 117.27 OK
r-devel-linux-x86_64-debian-gcc 0.1.0 8.92 80.88 89.80 OK
r-devel-linux-x86_64-fedora-clang 0.1.0 143.34 NOTE
r-devel-linux-x86_64-fedora-gcc 0.1.0 146.21 NOTE
r-devel-windows-x86_64 0.1.0 12.00 95.00 107.00 OK
r-patched-linux-x86_64 0.1.0 9.34 105.85 115.19 OK
r-release-linux-x86_64 0.1.0 10.79 104.89 115.68 OK
r-release-macos-arm64 0.1.0 48.00 OK
r-release-macos-x86_64 0.1.0 63.00 OK
r-release-windows-x86_64 0.1.0 16.00 111.00 127.00 OK
r-oldrel-macos-arm64 0.1.0 53.00 NOTE
r-oldrel-windows-x86_64 0.1.0 14.00 114.00 128.00 OK

Check Details

Version: 0.1.0
Check: dependencies in R code
Result: NOTE Namespace in Imports field not imported from: ‘utils’ All declared Imports should be used. Flavors: r-devel-linux-x86_64-fedora-clang, r-devel-linux-x86_64-fedora-gcc, r-oldrel-macos-arm64