CRAN Package Check Results for Package longit

Last updated on 2022-10-02 13:50:45 CEST.

Flavor Version Tinstall Tcheck Ttotal Status Flags
r-devel-linux-x86_64-debian-clang 0.1.0 11.58 110.08 121.66 OK
r-devel-linux-x86_64-debian-gcc 0.1.0 10.37 84.06 94.43 OK
r-devel-linux-x86_64-fedora-clang 0.1.0 161.37 NOTE
r-devel-linux-x86_64-fedora-gcc 0.1.0 160.70 NOTE
r-devel-windows-x86_64 0.1.0 16.00 133.00 149.00 OK
r-patched-linux-x86_64 0.1.0 10.80 105.82 116.62 OK
r-release-linux-x86_64 0.1.0 10.96 103.43 114.39 OK
r-release-macos-arm64 0.1.0 53.00 NOTE
r-release-macos-x86_64 0.1.0 66.00 NOTE
r-release-windows-x86_64 0.1.0 22.00 132.00 154.00 OK
r-oldrel-macos-arm64 0.1.0 53.00 NOTE
r-oldrel-macos-x86_64 0.1.0 107.00 NOTE
r-oldrel-windows-ix86+x86_64 0.1.0 27.00 134.00 161.00 OK

Check Details

Version: 0.1.0
Check: dependencies in R code
Result: NOTE
    Namespace in Imports field not imported from: ‘utils’
     All declared Imports should be used.
Flavors: r-devel-linux-x86_64-fedora-clang, r-devel-linux-x86_64-fedora-gcc, r-release-macos-arm64, r-release-macos-x86_64, r-oldrel-macos-arm64, r-oldrel-macos-x86_64