Last updated on 2023-11-28 13:50:58 CET.
Flavor | Version | Tinstall | Tcheck | Ttotal | Status | Flags |
---|---|---|---|---|---|---|
r-devel-linux-x86_64-debian-clang | 1.1.1 | 5.22 | 178.67 | 183.89 | NOTE | |
r-devel-linux-x86_64-debian-gcc | 1.1.1 | 5.16 | 141.78 | 146.94 | NOTE | |
r-devel-linux-x86_64-fedora-clang | 1.1.1 | 224.31 | NOTE | |||
r-devel-linux-x86_64-fedora-gcc | 1.1.1 | 234.89 | OK | |||
r-devel-windows-x86_64 | 1.1.1 | 7.00 | 203.00 | 210.00 | OK | |
r-patched-linux-x86_64 | 1.1.1 | 6.02 | 174.81 | 180.83 | OK | |
r-release-linux-x86_64 | 1.1.1 | 3.94 | 172.53 | 176.47 | OK | |
r-release-macos-arm64 | 1.1.1 | 88.00 | OK | |||
r-release-macos-x86_64 | 1.1.1 | 161.00 | OK | |||
r-release-windows-x86_64 | 1.1.1 | 9.00 | 235.00 | 244.00 | OK | |
r-oldrel-macos-arm64 | 1.1.1 | 82.00 | OK | |||
r-oldrel-macos-x86_64 | 1.1.1 | 135.00 | OK | |||
r-oldrel-windows-x86_64 | 1.1.1 | 9.00 | 242.00 | 251.00 | OK |
Version: 1.1.1
Check: package dependencies
Result: NOTE
Package suggested but not available for checking: ‘apollo’
Flavors: r-devel-linux-x86_64-debian-clang, r-devel-linux-x86_64-fedora-clang
Version: 1.1.1
Check: Rd files
Result: NOTE
checkRd: (-1) apolloModeChoiceData.Rd:6: Lost braces; missing escapes or markup?
6 | \title{Simulated SP dataset of mode choice (from the {apollo} package).}
| ^
checkRd: (-1) electricity.Rd:6: Lost braces; missing escapes or markup?
6 | \title{Stated preference data for the choice of electricity suppliers (from {mlogit} package)}
| ^
checkRd: (-1) runtimes.Rd:24: Lost braces; missing escapes or markup?
24 | using the following R packages: {logitr}, {mixl}, {mlogit}, {gmnl}, and
| ^
checkRd: (-1) runtimes.Rd:24: Lost braces; missing escapes or markup?
24 | using the following R packages: {logitr}, {mixl}, {mlogit}, {gmnl}, and
| ^
checkRd: (-1) runtimes.Rd:24: Lost braces; missing escapes or markup?
24 | using the following R packages: {logitr}, {mixl}, {mlogit}, {gmnl}, and
| ^
checkRd: (-1) runtimes.Rd:24: Lost braces; missing escapes or markup?
24 | using the following R packages: {logitr}, {mixl}, {mlogit}, {gmnl}, and
| ^
checkRd: (-1) runtimes.Rd:25: Lost braces; missing escapes or markup?
25 | {apollo}. The run times are exported from the Google colab notebook here:
| ^
Flavors: r-devel-linux-x86_64-debian-clang, r-devel-linux-x86_64-debian-gcc