CRAN Package Check Results for Package logitnorm

Last updated on 2022-06-26 11:52:36 CEST.

Flavor Version Tinstall Tcheck Ttotal Status Flags
r-devel-linux-x86_64-debian-clang 0.8.38 2.59 32.93 35.52 NOTE
r-devel-linux-x86_64-debian-gcc 0.8.38 1.85 24.78 26.63 NOTE
r-devel-linux-x86_64-fedora-clang 0.8.38 52.01 NOTE
r-devel-linux-x86_64-fedora-gcc 0.8.38 51.06 NOTE
r-devel-windows-x86_64 0.8.38 20.00 63.00 83.00 NOTE
r-patched-linux-x86_64 0.8.38 2.63 31.00 33.63 NOTE
r-release-linux-x86_64 0.8.38 2.03 30.69 32.72 NOTE
r-release-macos-arm64 0.8.38 20.00 NOTE
r-release-macos-x86_64 0.8.38 29.00 NOTE
r-release-windows-x86_64 0.8.38 22.00 63.00 85.00 NOTE
r-oldrel-macos-arm64 0.8.38 21.00 NOTE
r-oldrel-macos-x86_64 0.8.38 34.00 NOTE
r-oldrel-windows-ix86+x86_64 0.8.38 6.00 52.00 58.00 NOTE

Check Details

Version: 0.8.38
Check: LazyData
Result: NOTE
     'LazyData' is specified without a 'data' directory
Flavors: r-devel-linux-x86_64-debian-clang, r-devel-linux-x86_64-debian-gcc, r-devel-linux-x86_64-fedora-clang, r-devel-linux-x86_64-fedora-gcc, r-devel-windows-x86_64, r-patched-linux-x86_64, r-release-linux-x86_64, r-release-macos-arm64, r-release-macos-x86_64, r-release-windows-x86_64, r-oldrel-macos-arm64, r-oldrel-macos-x86_64, r-oldrel-windows-ix86+x86_64