Last updated on 2024-06-19 12:27:14 CEST.
Flavor | Version | Tinstall | Tcheck | Ttotal | Status | Flags |
---|---|---|---|---|---|---|
r-devel-linux-x86_64-debian-clang | 2.3.0 | 5.92 | 39.75 | 45.67 | OK | |
r-devel-linux-x86_64-debian-gcc | 2.3.0 | 3.77 | 29.61 | 33.38 | OK | |
r-devel-linux-x86_64-fedora-clang | 2.3.0 | 58.49 | OK | |||
r-devel-linux-x86_64-fedora-gcc | 2.3.0 | 68.29 | OK | |||
r-devel-windows-x86_64 | 2.3.0 | 7.00 | 61.00 | 68.00 | OK | |
r-patched-linux-x86_64 | 2.3.0 | 5.96 | 37.90 | 43.86 | OK | |
r-release-linux-x86_64 | 2.3.0 | 5.42 | 38.09 | 43.51 | OK | |
r-release-macos-arm64 | 2.3.0 | 45.00 | OK | |||
r-release-macos-x86_64 | 2.3.0 | 97.00 | OK | |||
r-release-windows-x86_64 | 2.3.0 | 9.00 | 62.00 | 71.00 | OK | |
r-oldrel-macos-arm64 | 2.3.0 | 36.00 | ERROR | |||
r-oldrel-macos-x86_64 | 2.3.0 | 82.00 | ERROR | |||
r-oldrel-windows-x86_64 | 2.3.0 | 7.00 | 65.00 | 72.00 | OK |
Version: 2.3.0
Check: running R code from vignettes
Result: ERROR
Errors in running code in vignettes:
when running code in ‘further_configurations.rmd’
...
+ .loggit = TRUE)
{"timestamp": "2024-06-19T09:28:41+1200", "log_lvl": "INFO", "log_msg": "This message will be logged, since .loggit = TRUE.\n"}
This message will be logged, since .loggit = TRUE.
> loggit2::stop("This error message will be logged because the log level is set to ERROR.")
{"timestamp": "2024-06-19T09:28:41+1200", "log_lvl": "ERROR", "log_msg": "This error message will be logged because the log level is set to ERROR."}
When sourcing ‘further_configurations.R’:
Error: This error message will be logged because the log level is set to ERROR.
Execution halted
when running code in ‘loggit2.Rmd’
...
> loggit2::warning("This is a warning")
{"timestamp": "2024-06-19T09:28:42+1200", "log_lvl": "WARN", "log_msg": "This is a warning"}
Warning in eval(ei, envir) : This is a warning
> base::stop("This is another error")
When sourcing ‘loggit2.R’:
Error: This is another error
Execution halted
‘further_configurations.rmd’ using ‘UTF-8’... failed
‘loggit2.Rmd’ using ‘UTF-8’... failed
Flavor: r-oldrel-macos-arm64
Version: 2.3.0
Check: running R code from vignettes
Result: ERROR
Errors in running code in vignettes:
when running code in ‘further_configurations.rmd’
...
+ .loggit = TRUE)
{"timestamp": "2024-06-19T03:37:30-0400", "log_lvl": "INFO", "log_msg": "This message will be logged, since .loggit = TRUE.\n"}
This message will be logged, since .loggit = TRUE.
> loggit2::stop("This error message will be logged because the log level is set to ERROR.")
{"timestamp": "2024-06-19T03:37:30-0400", "log_lvl": "ERROR", "log_msg": "This error message will be logged because the log level is set to ERROR."}
When sourcing ‘further_configurations.R’:
Error: This error message will be logged because the log level is set to ERROR.
Execution halted
when running code in ‘loggit2.Rmd’
...
> loggit2::warning("This is a warning")
{"timestamp": "2024-06-19T03:37:31-0400", "log_lvl": "WARN", "log_msg": "This is a warning"}
Warning in eval(ei, envir) : This is a warning
> base::stop("This is another error")
When sourcing ‘loggit2.R’:
Error: This is another error
Execution halted
‘further_configurations.rmd’ using ‘UTF-8’... failed
‘loggit2.Rmd’ using ‘UTF-8’... failed
Flavor: r-oldrel-macos-x86_64