Last updated on 2024-03-28 09:51:47 CET.
Flavor | Version | Tinstall | Tcheck | Ttotal | Status | Flags |
---|---|---|---|---|---|---|
r-devel-linux-x86_64-debian-clang | 1.1 | 4.07 | 32.85 | 36.92 | NOTE | |
r-devel-linux-x86_64-debian-gcc | 1.1 | 3.06 | 26.09 | 29.15 | NOTE | |
r-devel-linux-x86_64-fedora-clang | 1.1 | 47.08 | NOTE | |||
r-devel-linux-x86_64-fedora-gcc | 1.1 | 46.37 | NOTE | |||
r-devel-windows-x86_64 | 1.1 | 5.00 | 50.00 | 55.00 | NOTE | |
r-patched-linux-x86_64 | 1.1 | 4.06 | 32.99 | 37.05 | NOTE | |
r-release-linux-x86_64 | 1.1 | 2.97 | 30.39 | 33.36 | OK | |
r-release-macos-arm64 | 1.1 | 22.00 | OK | |||
r-release-macos-x86_64 | 1.1 | 28.00 | OK | |||
r-release-windows-x86_64 | 1.1 | 6.00 | 50.00 | 56.00 | OK | |
r-oldrel-macos-arm64 | 1.1 | 19.00 | OK | |||
r-oldrel-windows-x86_64 | 1.1 | 6.00 | 58.00 | 64.00 | OK |
Version: 1.1
Check: Rd contents
Result: NOTE
Argument items with no description in Rd file 'spec.emb.Rd':
‘A’
Flavors: r-devel-linux-x86_64-debian-clang, r-devel-linux-x86_64-debian-gcc, r-devel-linux-x86_64-fedora-clang, r-devel-linux-x86_64-fedora-gcc, r-devel-windows-x86_64, r-patched-linux-x86_64
Version: 1.1
Check: compiled code
Result: NOTE
File ‘loe/libs/loe.so’:
Found no calls to: ‘R_registerRoutines’, ‘R_useDynamicSymbols’
It is good practice to register native routines and to disable symbol
search.
See ‘Writing portable packages’ in the ‘Writing R Extensions’ manual.
Flavors: r-devel-linux-x86_64-fedora-clang, r-devel-linux-x86_64-fedora-gcc