Last updated on 2025-01-14 12:50:49 CET.
Flavor | Version | Tinstall | Tcheck | Ttotal | Status | Flags |
---|---|---|---|---|---|---|
r-devel-linux-x86_64-debian-clang | 0.3.5 | 52.35 | 462.88 | 515.23 | OK | |
r-devel-linux-x86_64-debian-gcc | 0.3.5 | 33.44 | 335.84 | 369.28 | OK | |
r-devel-linux-x86_64-fedora-clang | 0.3.5 | 890.67 | OK | |||
r-devel-linux-x86_64-fedora-gcc | 0.3.5 | 855.96 | OK | |||
r-devel-windows-x86_64 | 0.3.5 | 49.00 | 376.00 | 425.00 | OK | |
r-patched-linux-x86_64 | 0.3.5 | 42.78 | 434.61 | 477.39 | OK | |
r-release-linux-x86_64 | 0.3.5 | 46.80 | 433.14 | 479.94 | OK | |
r-release-macos-arm64 | 0.3.5 | 195.00 | NOTE | |||
r-release-macos-x86_64 | 0.3.5 | 321.00 | NOTE | |||
r-release-windows-x86_64 | 0.3.5 | 44.00 | 390.00 | 434.00 | OK | |
r-oldrel-macos-arm64 | 0.3.5 | 201.00 | NOTE | |||
r-oldrel-macos-x86_64 | 0.3.5 | 324.00 | NOTE | |||
r-oldrel-windows-x86_64 | 0.3.5 | 69.00 | 476.00 | 545.00 | NOTE |
Version: 0.3.5
Check: package dependencies
Result: NOTE
Package suggested but not available for checking: ‘EnsDb.Hsapiens.v75’
Flavors: r-release-macos-arm64, r-release-macos-x86_64, r-oldrel-macos-arm64, r-oldrel-macos-x86_64, r-oldrel-windows-x86_64