Last updated on 2024-04-22 12:55:44 CEST.
Flavor | Version | Tinstall | Tcheck | Ttotal | Status | Flags |
---|---|---|---|---|---|---|
r-devel-linux-x86_64-debian-clang | 1.7.7 | 7.50 | 67.86 | 75.36 | NOTE | |
r-devel-linux-x86_64-debian-gcc | 1.7.7 | 6.33 | 50.35 | 56.68 | NOTE | |
r-devel-linux-x86_64-fedora-clang | 1.7.7 | 93.91 | NOTE | |||
r-devel-linux-x86_64-fedora-gcc | 1.7.7 | 91.58 | NOTE | |||
r-prerel-macos-arm64 | 1.7.7 | 34.00 | NOTE | |||
r-prerel-windows-x86_64 | 1.7.7 | 12.00 | 81.00 | 93.00 | NOTE | |
r-patched-linux-x86_64 | 1.7.7 | 10.93 | 64.36 | 75.29 | NOTE | |
r-release-linux-x86_64 | 1.7.7 | 8.26 | 67.28 | 75.54 | OK | |
r-release-macos-arm64 | 1.7.7 | 43.00 | OK | |||
r-release-macos-x86_64 | 1.7.7 | 57.00 | OK | |||
r-release-windows-x86_64 | 1.7.7 | 13.00 | 89.00 | 102.00 | OK | |
r-oldrel-macos-arm64 | 1.7.7 | 37.00 | OK | |||
r-oldrel-windows-x86_64 | 1.7.7 | 12.00 | 100.00 | 112.00 | OK |
Version: 1.7.7
Check: Rd files
Result: NOTE
checkRd: (-1) Rvarlacf.Rd:104: Lost braces
104 | eqn{(2s+1)^{-2}} (this was the default in versions prior to
| ^
checkRd: (-1) Rvarlacf.Rd:104: Lost braces; missing escapes or markup?
104 | eqn{(2s+1)^{-2}} (this was the default in versions prior to
| ^
Flavors: r-devel-linux-x86_64-debian-clang, r-devel-linux-x86_64-debian-gcc, r-devel-linux-x86_64-fedora-clang, r-devel-linux-x86_64-fedora-gcc, r-prerel-macos-arm64, r-prerel-windows-x86_64, r-patched-linux-x86_64