CRAN Package Check Results for Package localScore

Last updated on 2022-07-04 12:54:13 CEST.

Flavor Version Tinstall Tcheck Ttotal Status Flags
r-devel-linux-x86_64-debian-clang 1.0.8 59.31 170.96 230.27 OK
r-devel-linux-x86_64-debian-gcc 1.0.8 53.19 120.52 173.71 OK
r-devel-linux-x86_64-fedora-clang 1.0.8 300.82 NOTE
r-devel-linux-x86_64-fedora-gcc 1.0.8 292.32 OK
r-devel-windows-x86_64 1.0.8 268.00 238.00 506.00 OK
r-patched-linux-x86_64 1.0.8 56.18 165.58 221.76 OK
r-release-linux-x86_64 1.0.8 58.34 164.43 222.77 OK
r-release-macos-arm64 1.0.8 105.00 NOTE
r-release-macos-x86_64 1.0.8 111.00 NOTE
r-release-windows-x86_64 1.0.8 220.00 233.00 453.00 OK
r-oldrel-macos-arm64 1.0.8 91.00 NOTE
r-oldrel-macos-x86_64 1.0.8 113.00 NOTE
r-oldrel-windows-ix86+x86_64 1.0.8 137.00 226.00 363.00 OK

Check Details

Version: 1.0.8
Check: installed package size
Result: NOTE
     installed size is 17.0Mb
     sub-directories of 1Mb or more:
     libs 16.3Mb
Flavors: r-devel-linux-x86_64-fedora-clang, r-release-macos-arm64, r-release-macos-x86_64, r-oldrel-macos-arm64, r-oldrel-macos-x86_64