Last updated on 2022-06-24 11:52:11 CEST.
Flavor | Version | Tinstall | Tcheck | Ttotal | Status | Flags |
---|---|---|---|---|---|---|
r-devel-linux-x86_64-debian-clang | 1.9 | 73.96 | 111.79 | 185.75 | OK | |
r-devel-linux-x86_64-debian-gcc | 1.9 | 59.69 | 86.28 | 145.97 | OK | |
r-devel-linux-x86_64-fedora-clang | 1.9 | 252.49 | NOTE | |||
r-devel-linux-x86_64-fedora-gcc | 1.9 | 244.96 | OK | |||
r-devel-windows-x86_64 | 1.9 | 60.00 | 153.00 | 213.00 | OK | |
r-patched-linux-x86_64 | 1.9 | 58.28 | 109.00 | 167.28 | OK | |
r-release-linux-x86_64 | 1.9 | 52.79 | 107.34 | 160.13 | OK | |
r-release-macos-arm64 | 1.9 | 69.00 | NOTE | |||
r-release-macos-x86_64 | 1.9 | 95.00 | NOTE | |||
r-release-windows-x86_64 | 1.9 | 57.00 | 160.00 | 217.00 | OK | |
r-oldrel-macos-arm64 | 1.9 | 54.00 | NOTE | |||
r-oldrel-macos-x86_64 | 1.9 | 83.00 | NOTE | |||
r-oldrel-windows-ix86+x86_64 | 1.9 | 156.00 | 180.00 | 336.00 | OK |
Version: 1.9
Check: installed package size
Result: NOTE
installed size is 23.3Mb
sub-directories of 1Mb or more:
libs 23.1Mb
Flavors: r-devel-linux-x86_64-fedora-clang, r-release-macos-arm64, r-release-macos-x86_64, r-oldrel-macos-arm64, r-oldrel-macos-x86_64