Last updated on 2022-07-02 12:53:06 CEST.
Flavor | Version | Tinstall | Tcheck | Ttotal | Status | Flags |
---|---|---|---|---|---|---|
r-devel-linux-x86_64-debian-clang | 1.5.2 | 6.69 | 84.58 | 91.27 | NOTE | |
r-devel-linux-x86_64-debian-gcc | 1.5.2 | 4.91 | 63.78 | 68.69 | NOTE | |
r-devel-linux-x86_64-fedora-clang | 1.5.2 | 119.92 | NOTE | |||
r-devel-linux-x86_64-fedora-gcc | 1.5.2 | 118.41 | NOTE | |||
r-devel-windows-x86_64 | 1.5.2 | 31.00 | 173.00 | 204.00 | NOTE | |
r-patched-linux-x86_64 | 1.5.2 | 5.06 | 81.48 | 86.54 | NOTE | |
r-release-linux-x86_64 | 1.5.2 | 6.68 | 80.29 | 86.97 | NOTE | |
r-release-macos-arm64 | 1.5.2 | 55.00 | NOTE | |||
r-release-macos-x86_64 | 1.5.2 | 78.00 | NOTE | |||
r-release-windows-x86_64 | 1.5.2 | 27.00 | 184.00 | 211.00 | NOTE | |
r-oldrel-macos-arm64 | 1.5.2 | 72.00 | NOTE | |||
r-oldrel-macos-x86_64 | 1.5.2 | 113.00 | NOTE | |||
r-oldrel-windows-ix86+x86_64 | 1.5.2 | 11.00 | 162.00 | 173.00 | NOTE |
Version: 1.5.2
Check: LazyData
Result: NOTE
'LazyData' is specified without a 'data' directory
Flavors: r-devel-linux-x86_64-debian-clang, r-devel-linux-x86_64-debian-gcc, r-devel-linux-x86_64-fedora-clang, r-devel-linux-x86_64-fedora-gcc, r-devel-windows-x86_64, r-patched-linux-x86_64, r-release-linux-x86_64, r-release-macos-arm64, r-release-macos-x86_64, r-release-windows-x86_64, r-oldrel-macos-arm64, r-oldrel-macos-x86_64, r-oldrel-windows-ix86+x86_64