CRAN Package Check Results for Package lmf

Last updated on 2022-09-27 12:52:55 CEST.

Flavor Version Tinstall Tcheck Ttotal Status Flags
r-devel-linux-x86_64-debian-clang 1.2.1 4.67 66.31 70.98 OK
r-devel-linux-x86_64-debian-gcc 1.2.1 3.80 47.15 50.95 OK
r-devel-linux-x86_64-fedora-clang 1.2.1 96.05 NOTE
r-devel-linux-x86_64-fedora-gcc 1.2.1 90.65 OK
r-devel-windows-x86_64 1.2.1 16.00 87.00 103.00 OK
r-patched-linux-x86_64 1.2.1 4.92 61.65 66.57 OK
r-release-linux-x86_64 1.2.1 4.24 59.59 63.83 OK
r-release-macos-arm64 1.2.1 22.00 OK
r-release-macos-x86_64 1.2.1 34.00 OK
r-release-windows-x86_64 1.2.1 19.00 81.00 100.00 OK
r-oldrel-macos-arm64 1.2.1 19.00 OK
r-oldrel-macos-x86_64 1.2.1 42.00 OK
r-oldrel-windows-ix86+x86_64 1.2.1 9.00 90.00 99.00 OK

Check Details

Version: 1.2.1
Check: Rd cross-references
Result: NOTE
    Undeclared packages ‘sfsmisc’, ‘mnormt’ in Rd xrefs
Flavor: r-devel-linux-x86_64-fedora-clang