Last updated on 2025-04-29 12:52:40 CEST.
Flavor | Version | Tinstall | Tcheck | Ttotal | Status | Flags |
---|---|---|---|---|---|---|
r-devel-linux-x86_64-debian-clang | 1.2.1 | 3.54 | 51.41 | 54.95 | NOTE | |
r-devel-linux-x86_64-debian-gcc | 1.2.1 | 2.50 | 32.44 | 34.94 | NOTE | |
r-devel-linux-x86_64-fedora-clang | 1.2.1 | 88.80 | OK | |||
r-devel-linux-x86_64-fedora-gcc | 1.2.1 | 83.48 | OK | |||
r-devel-windows-x86_64 | 1.2.1 | 4.00 | 71.00 | 75.00 | OK | |
r-patched-linux-x86_64 | 1.2.1 | 4.02 | 49.47 | 53.49 | OK | |
r-release-linux-x86_64 | 1.2.1 | 4.17 | 47.91 | 52.08 | OK | |
r-release-macos-arm64 | 1.2.1 | 23.00 | OK | |||
r-release-macos-x86_64 | 1.2.1 | 49.00 | OK | |||
r-release-windows-x86_64 | 1.2.1 | 4.00 | 67.00 | 71.00 | OK | |
r-oldrel-macos-arm64 | 1.2.1 | 23.00 | OK | |||
r-oldrel-macos-x86_64 | 1.2.1 | 41.00 | OK | |||
r-oldrel-windows-x86_64 | 1.2.1 | 5.00 | 64.00 | 69.00 | OK |
Version: 1.2.1
Check: CRAN incoming feasibility
Result: NOTE
Maintainer: ‘Thomas Kvalnes <thomas.kvalnes@ntnu.no>’
No Authors@R field in DESCRIPTION.
Please add one, modifying
Authors@R: person(given = "Thomas",
family = "Kvalnes",
role = c("aut", "cre"),
email = "thomas.kvalnes@ntnu.no")
as necessary.
Flavors: r-devel-linux-x86_64-debian-clang, r-devel-linux-x86_64-debian-gcc
Version: 1.2.1
Check: examples
Result: NOTE
Examples with CPU (user + system) or elapsed time > 5s
user system elapsed
boot.lmf 8.823 0.078 9.684
Flavor: r-devel-linux-x86_64-debian-clang
Version: 1.2.1
Check: examples
Result: NOTE
Examples with CPU (user + system) or elapsed time > 5s
user system elapsed
boot.lmf 4.52 0.004 5.848
Flavor: r-devel-linux-x86_64-debian-gcc