CRAN Package Check Results for Package llbayesireg

Last updated on 2022-06-24 11:52:11 CEST.

Flavor Version Tinstall Tcheck Ttotal Status Flags
r-devel-linux-x86_64-debian-clang 1.0.0 18.08 138.96 157.04 NOTE
r-devel-linux-x86_64-debian-gcc 1.0.0 13.53 103.28 116.81 NOTE
r-devel-linux-x86_64-fedora-clang 1.0.0 189.66 NOTE
r-devel-linux-x86_64-fedora-gcc 1.0.0 189.51 NOTE
r-devel-windows-x86_64 1.0.0 31.00 149.00 180.00 NOTE
r-patched-linux-x86_64 1.0.0 14.12 133.28 147.40 OK
r-release-linux-x86_64 1.0.0 10.84 132.66 143.50 OK
r-release-macos-arm64 1.0.0 53.00 OK
r-release-macos-x86_64 1.0.0 107.00 OK
r-release-windows-x86_64 1.0.0 24.00 152.00 176.00 OK
r-oldrel-macos-arm64 1.0.0 59.00 OK
r-oldrel-macos-x86_64 1.0.0 95.00 OK
r-oldrel-windows-ix86+x86_64 1.0.0 37.00 147.00 184.00 OK

Check Details

Version: 1.0.0
Check: Rd files
Result: NOTE
    checkRd: (-1) MHDI.Rd:23: Escaped LaTeX specials: \&
Flavors: r-devel-linux-x86_64-debian-clang, r-devel-linux-x86_64-debian-gcc, r-devel-linux-x86_64-fedora-clang, r-devel-linux-x86_64-fedora-gcc, r-devel-windows-x86_64