CRAN Package Check Results for Package livechatR

Last updated on 2023-02-03 11:53:21 CET.

Flavor Version Tinstall Tcheck Ttotal Status Flags
r-devel-linux-x86_64-debian-clang 0.1.0 6.41 43.10 49.51 NOTE
r-devel-linux-x86_64-debian-gcc 0.1.0 3.81 31.88 35.69 NOTE
r-devel-linux-x86_64-fedora-clang 0.1.0 65.97 NOTE
r-devel-linux-x86_64-fedora-gcc 0.1.0 63.37 NOTE
r-patched-linux-x86_64 0.1.0 4.61 42.45 47.06 NOTE
r-release-linux-x86_64 0.1.0 5.99 41.83 47.82 NOTE
r-release-macos-arm64 0.1.0 22.00 NOTE
r-release-macos-x86_64 0.1.0 42.00 NOTE
r-release-windows-x86_64 0.1.0 15.00 81.00 96.00 NOTE
r-oldrel-macos-arm64 0.1.0 26.00 NOTE
r-oldrel-macos-x86_64 0.1.0 36.00 NOTE
r-oldrel-windows-ix86+x86_64 0.1.0 12.00 67.00 79.00 NOTE

Check Details

Version: 0.1.0
Check: LazyData
Result: NOTE
     'LazyData' is specified without a 'data' directory
Flavors: r-devel-linux-x86_64-debian-clang, r-devel-linux-x86_64-debian-gcc, r-devel-linux-x86_64-fedora-clang, r-devel-linux-x86_64-fedora-gcc, r-patched-linux-x86_64, r-release-linux-x86_64, r-release-macos-arm64, r-release-macos-x86_64, r-release-windows-x86_64, r-oldrel-macos-arm64, r-oldrel-macos-x86_64, r-oldrel-windows-ix86+x86_64