Last updated on 2025-04-29 12:52:40 CEST.
Flavor | Version | Tinstall | Tcheck | Ttotal | Status | Flags |
---|---|---|---|---|---|---|
r-devel-linux-x86_64-debian-clang | 1.1.2 | 2.23 | 28.05 | 30.28 | NOTE | |
r-devel-linux-x86_64-debian-gcc | 1.1.2 | 1.77 | 21.36 | 23.13 | NOTE | |
r-devel-linux-x86_64-fedora-clang | 1.1.2 | 47.94 | NOTE | |||
r-devel-linux-x86_64-fedora-gcc | 1.1.2 | 45.18 | NOTE | |||
r-devel-windows-x86_64 | 1.1.2 | 4.00 | 50.00 | 54.00 | NOTE | |
r-patched-linux-x86_64 | 1.1.2 | 3.00 | 26.11 | 29.11 | NOTE | |
r-release-linux-x86_64 | 1.1.2 | 2.05 | 26.46 | 28.51 | NOTE | |
r-release-macos-arm64 | 1.1.2 | 18.00 | NOTE | |||
r-release-macos-x86_64 | 1.1.2 | 33.00 | NOTE | |||
r-release-windows-x86_64 | 1.1.2 | 5.00 | 51.00 | 56.00 | NOTE | |
r-oldrel-macos-arm64 | 1.1.2 | 17.00 | NOTE | |||
r-oldrel-macos-x86_64 | 1.1.2 | 26.00 | NOTE | |||
r-oldrel-windows-x86_64 | 1.1.2 | 4.00 | 48.00 | 52.00 | NOTE |
Version: 1.1.2
Check: CRAN incoming feasibility
Result: NOTE
Maintainer: ‘Imdad Ullah Muhammad <mimdadasad@gmail.com>’
Package CITATION file contains call(s) to old-style personList() or
as.personList(). Please use c() on person objects instead.
Package CITATION file contains call(s) to old-style citEntry(). Please
use bibentry() instead.
Found the following URLs which should use \doi (with the DOI name only):
File ‘dest.Rd’:
http://doi.org/10.1080/03610929508831585
http://doi.org/10.1080/03610929308831027
https://doi.org/10.1016/j.jspi.2010.05.030
http://doi.org/10.1080/03610920601126522
File ‘hatl.Rd’:
http://doi.org/10.1080/03610929308831027
File ‘infoliu.Rd’:
https://doi.org/10.1109/TAC.1974.1100705
http://doi.org/10.1080/03610929508831585
http://doi.org/10.1080/03610929308831027
File ‘liu.Rd’:
http://doi.org/10.1080/03610929508831585
http://doi.org/10.1080/03610929308831027
File ‘lstats.liu.Rd’:
http://doi.org/10.1080/03610929508831585
http://doi.org/10.1080/03610929308831027
http://doi.org/10.2307/1267380
File ‘plot.biasliu.Rd’:
https://doi.org/10.1002/cem.2555
File ‘plot.infoliu.Rd’:
https://doi.org/10.1109/TAC.1974.1100705
File ‘plot.liu.Rd’:
http://doi.org/10.1080/03610929308831027
File ‘press.liu.Rd’:
http://doi.org/10.1080/03610929508831585
http://doi.org/10.1080/03610929308831027
http://doi.org/10.1080/03610920601126522
File ‘residuals.liu.Rd’:
http://doi.org/10.1080/03610929508831585
http://doi.org/10.1080/03610929308831027
File ‘summary.liu.Rd’:
http://doi.org/10.1080/03610918.2012.750354
Flavors: r-devel-linux-x86_64-debian-clang, r-devel-linux-x86_64-debian-gcc
Version: 1.1.2
Check: Rd files
Result: NOTE
checkRd: (-1) lstats.liu.Rd:41: Escaped LaTeX specials: \&
checkRd: (-1) vcov.liu.Rd:20: Lost braces
20 | A list of matrix of estimated covariances in the linear Liu regression model for scalar or vector biasing parameter \code{d}{d} is produced. Each list element has row and column names corresponding to the parameter names given by the \code{coef(mod)}. List items are named correspond to values of biasing parameter \eqn{d}{d}.}
| ^
Flavors: r-devel-linux-x86_64-debian-clang, r-devel-linux-x86_64-debian-gcc, r-devel-linux-x86_64-fedora-clang, r-devel-linux-x86_64-fedora-gcc, r-devel-windows-x86_64, r-patched-linux-x86_64, r-release-linux-x86_64, r-release-macos-arm64, r-release-macos-x86_64, r-release-windows-x86_64, r-oldrel-macos-arm64, r-oldrel-macos-x86_64, r-oldrel-windows-x86_64