CRAN Package Check Results for Package littler

Last updated on 2022-08-07 09:54:02 CEST.

Flavor Version Tinstall Tcheck Ttotal Status Flags
r-devel-linux-x86_64-debian-clang 0.3.15 7.00 26.30 33.30 OK
r-devel-linux-x86_64-debian-gcc 0.3.15 4.87 20.50 25.37 OK
r-patched-linux-x86_64 0.3.15 5.25 25.78 31.03 OK
r-release-linux-x86_64 0.3.15 5.46 25.96 31.42 OK
r-release-macos-arm64 0.3.15 23.00 OK
r-release-macos-x86_64 0.3.15 31.00 OK
r-oldrel-macos-arm64 0.3.15 24.00 OK
r-oldrel-macos-x86_64 0.3.15 33.00 NOTE

Check Details

Version: 0.3.15
Check: re-building of vignette outputs
Result: NOTE
    Error(s) in re-building vignettes:
     ...
    --- re-building ‘littler-examples.md’ using mdweave_to_html
    Cannot find pandoc. Not able to weave vignette.
    Error: processing vignette 'littler-examples.md' failed with diagnostics:
    Failed to locate ‘weave’ output file ‘littler-examples.pdf’ or ‘littler-examples.html’ for vignette with name ‘littler-examples’ and engine ‘simplermarkdown::mdweave_to_html’. The following files exist in working directory ‘/Volumes/Builds/packages/high-sierra-x86_64/results/4.1/littler.Rcheck/vign_test/littler/vignettes’: ‘littler-examples.md’ (12640 bytes), ‘littler-faq.md’ (3680 bytes), ‘water.css’ (1193 bytes)
    --- failed re-building ‘littler-examples.md’
    
    --- re-building ‘littler-faq.md’ using mdweave_to_html
    Cannot find pandoc. Not able to weave vignette.
    Error: processing vignette 'littler-faq.md' failed with diagnostics:
    Failed to locate ‘weave’ output file ‘littler-faq.pdf’ or ‘littler-faq.html’ for vignette with name ‘littler-faq’ and engine ‘simplermarkdown::mdweave_to_html’. The following files exist in working directory ‘/Volumes/Builds/packages/high-sierra-x86_64/results/4.1/littler.Rcheck/vign_test/littler/vignettes’: ‘littler-examples.md’ (12640 bytes), ‘littler-faq.md’ (3680 bytes), ‘water.css’ (1193 bytes)
    --- failed re-building ‘littler-faq.md’
    
    SUMMARY: processing the following files failed:
     ‘littler-examples.md’ ‘littler-faq.md’
    
    Error: Vignette re-building failed.
    Execution halted
Flavor: r-oldrel-macos-x86_64