CRAN Package Check Results for Package litRiddle

Last updated on 2022-06-29 11:52:13 CEST.

Flavor Version Tinstall Tcheck Ttotal Status Flags
r-devel-linux-x86_64-debian-clang 0.4.1 6.21 116.41 122.62 OK
r-devel-linux-x86_64-debian-gcc 0.4.1 4.30 86.39 90.69 OK
r-devel-linux-x86_64-fedora-clang 0.4.1 154.99 NOTE
r-devel-linux-x86_64-fedora-gcc 0.4.1 151.88 NOTE
r-devel-windows-x86_64 0.4.1 22.00 138.00 160.00 OK
r-patched-linux-x86_64 0.4.1 5.35 106.72 112.07 OK
r-release-linux-x86_64 0.4.1 5.98 109.04 115.02 OK
r-release-macos-arm64 0.4.1 41.00 NOTE
r-release-macos-x86_64 0.4.1 95.00 NOTE
r-release-windows-x86_64 0.4.1 24.00 140.00 164.00 OK
r-oldrel-macos-arm64 0.4.1 44.00 NOTE
r-oldrel-macos-x86_64 0.4.1 68.00 NOTE
r-oldrel-windows-ix86+x86_64 0.4.1 16.00 140.00 156.00 OK

Check Details

Version: 0.4.1
Check: data for non-ASCII characters
Result: NOTE
     Note: found 435 marked UTF-8 strings
Flavors: r-devel-linux-x86_64-fedora-clang, r-devel-linux-x86_64-fedora-gcc, r-release-macos-arm64, r-release-macos-x86_64, r-oldrel-macos-arm64, r-oldrel-macos-x86_64