Last updated on 2023-11-28 13:50:58 CET.
Flavor | Version | Tinstall | Tcheck | Ttotal | Status | Flags |
---|---|---|---|---|---|---|
r-devel-linux-x86_64-debian-clang | 1.0.0 | 6.09 | 129.07 | 135.16 | OK | |
r-devel-linux-x86_64-debian-gcc | 1.0.0 | 5.49 | 95.18 | 100.67 | OK | |
r-devel-linux-x86_64-fedora-clang | 1.0.0 | 167.44 | NOTE | |||
r-devel-linux-x86_64-fedora-gcc | 1.0.0 | 177.09 | NOTE | |||
r-devel-windows-x86_64 | 1.0.0 | 7.00 | 128.00 | 135.00 | OK | |
r-patched-linux-x86_64 | 1.0.0 | 6.64 | 124.00 | 130.64 | OK | |
r-release-linux-x86_64 | 1.0.0 | 6.62 | 120.69 | 127.31 | OK | |
r-release-macos-arm64 | 1.0.0 | 56.00 | OK | |||
r-release-macos-x86_64 | 1.0.0 | 83.00 | OK | |||
r-release-windows-x86_64 | 1.0.0 | 9.00 | 140.00 | 149.00 | OK | |
r-oldrel-macos-arm64 | 1.0.0 | 57.00 | OK | |||
r-oldrel-macos-x86_64 | 1.0.0 | 81.00 | OK | |||
r-oldrel-windows-x86_64 | 1.0.0 | 10.00 | 144.00 | 154.00 | OK |
Version: 1.0.0
Check: data for non-ASCII characters
Result: NOTE
Note: found 888 marked UTF-8 strings
Flavors: r-devel-linux-x86_64-fedora-clang, r-devel-linux-x86_64-fedora-gcc