Last updated on 2022-06-30 11:53:11 CEST.
Flavor | Version | Tinstall | Tcheck | Ttotal | Status | Flags |
---|---|---|---|---|---|---|
r-devel-linux-x86_64-debian-clang | 0.1.2 | 4.17 | 43.05 | 47.22 | OK | |
r-devel-linux-x86_64-debian-gcc | 0.1.2 | 3.41 | 32.44 | 35.85 | OK | |
r-devel-linux-x86_64-fedora-clang | 0.1.2 | 67.06 | NOTE | |||
r-devel-linux-x86_64-fedora-gcc | 0.1.2 | 65.60 | NOTE | |||
r-devel-windows-x86_64 | 0.1.2 | 21.00 | 73.00 | 94.00 | OK | |
r-patched-linux-x86_64 | 0.1.2 | 3.97 | 41.85 | 45.82 | OK | |
r-release-linux-x86_64 | 0.1.2 | 3.99 | 40.91 | 44.90 | OK | |
r-release-macos-arm64 | 0.1.2 | 23.00 | NOTE | |||
r-release-macos-x86_64 | 0.1.2 | 34.00 | NOTE | |||
r-release-windows-x86_64 | 0.1.2 | 13.00 | 71.00 | 84.00 | OK | |
r-oldrel-macos-arm64 | 0.1.2 | 24.00 | NOTE | |||
r-oldrel-macos-x86_64 | 0.1.2 | 31.00 | NOTE | |||
r-oldrel-windows-ix86+x86_64 | 0.1.2 | 10.00 | 62.00 | 72.00 | OK |
Version: 0.1.2
Check: data for non-ASCII characters
Result: NOTE
Note: found 32 marked UTF-8 strings
Flavors: r-devel-linux-x86_64-fedora-clang, r-devel-linux-x86_64-fedora-gcc, r-release-macos-arm64, r-release-macos-x86_64, r-oldrel-macos-arm64, r-oldrel-macos-x86_64