CRAN Package Check Results for Package linne

Last updated on 2022-06-25 10:53:06 CEST.

Flavor Version Tinstall Tcheck Ttotal Status Flags
r-devel-linux-x86_64-debian-clang 0.0.2 4.23 49.97 54.20 NOTE
r-devel-linux-x86_64-debian-gcc 0.0.2 3.65 38.18 41.83 NOTE
r-devel-linux-x86_64-fedora-clang 0.0.2 74.54 NOTE
r-devel-linux-x86_64-fedora-gcc 0.0.2 72.21 NOTE
r-devel-windows-x86_64 0.0.2 23.00 85.00 108.00 NOTE
r-patched-linux-x86_64 0.0.2 3.44 47.64 51.08 NOTE
r-release-linux-x86_64 0.0.2 4.90 47.60 52.50 NOTE
r-release-macos-arm64 0.0.2 26.00 NOTE
r-release-macos-x86_64 0.0.2 50.00 NOTE
r-release-windows-x86_64 0.0.2 19.00 96.00 115.00 NOTE
r-oldrel-macos-arm64 0.0.2 31.00 NOTE
r-oldrel-macos-x86_64 0.0.2 46.00 NOTE
r-oldrel-windows-ix86+x86_64 0.0.2 13.00 81.00 94.00 NOTE

Check Details

Version: 0.0.2
Check: LazyData
Result: NOTE
     'LazyData' is specified without a 'data' directory
Flavors: r-devel-linux-x86_64-debian-clang, r-devel-linux-x86_64-debian-gcc, r-devel-linux-x86_64-fedora-clang, r-devel-linux-x86_64-fedora-gcc, r-devel-windows-x86_64, r-patched-linux-x86_64, r-release-linux-x86_64, r-release-macos-arm64, r-release-macos-x86_64, r-release-windows-x86_64, r-oldrel-macos-arm64, r-oldrel-macos-x86_64, r-oldrel-windows-ix86+x86_64

Version: 0.0.2
Check: dependencies in R code
Result: NOTE
    Namespace in Imports field not imported from: ‘R6’
     All declared Imports should be used.
Flavors: r-devel-linux-x86_64-fedora-clang, r-devel-linux-x86_64-fedora-gcc, r-release-macos-arm64, r-release-macos-x86_64, r-oldrel-macos-arm64, r-oldrel-macos-x86_64