Last updated on 2025-05-10 12:49:46 CEST.
Flavor | Version | Tinstall | Tcheck | Ttotal | Status | Flags |
---|---|---|---|---|---|---|
r-devel-linux-x86_64-debian-clang | 0.0.5 | 2.63 | 31.50 | 34.13 | NOTE | |
r-devel-linux-x86_64-debian-gcc | 0.0.5 | 1.95 | 25.19 | 27.14 | NOTE | |
r-devel-linux-x86_64-fedora-clang | 0.0.5 | 52.02 | OK | |||
r-devel-linux-x86_64-fedora-gcc | 0.0.5 | 63.31 | OK | |||
r-devel-windows-x86_64 | 0.0.5 | 4.00 | 57.00 | 61.00 | OK | |
r-patched-linux-x86_64 | 0.0.5 | 2.67 | 29.22 | 31.89 | OK | |
r-release-linux-x86_64 | 0.0.5 | 2.58 | 28.76 | 31.34 | OK | |
r-release-macos-arm64 | 0.0.5 | 57.00 | OK | |||
r-release-macos-x86_64 | 0.0.5 | 57.00 | OK | |||
r-release-windows-x86_64 | 0.0.5 | 4.00 | 56.00 | 60.00 | OK | |
r-oldrel-macos-arm64 | 0.0.5 | 26.00 | OK | |||
r-oldrel-macos-x86_64 | 0.0.5 | 39.00 | OK | |||
r-oldrel-windows-x86_64 | 0.0.5 | 5.00 | 62.00 | 67.00 | OK |
Version: 0.0.5
Check: CRAN incoming feasibility
Result: NOTE
Maintainer: ‘Dirk Eddelbuettel <edd@debian.org>’
No Authors@R field in DESCRIPTION.
Please add one, modifying
Authors@R: c(person(given = "Dirk",
family = "Eddelbuettel",
role = c("aut", "cre"),
email = "edd@debian.org"),
person(given = "Aaron",
family = "Wolen",
role = "aut"))
as necessary.
Flavors: r-devel-linux-x86_64-debian-clang, r-devel-linux-x86_64-debian-gcc